{"id":829,"date":"2016-04-12T12:46:00","date_gmt":"2016-04-12T11:46:00","guid":{"rendered":"https:\/\/personal.pmf.uns.ac.rs\/tijana.prodanovic\/?page_id=829"},"modified":"2016-04-12T12:46:00","modified_gmt":"2016-04-12T11:46:00","slug":"viii-sar","status":"publish","type":"page","link":"https:\/\/personal.pmf.uns.ac.rs\/tijana.prodanovic\/teaching\/studentska_astro_radionica\/viii-sar\/","title":{"rendered":"VIII SAR"},"content":{"rendered":"<p><a href=\"http:\/\/personal.pmf.uns.ac.rs\/tijana.prodanovic\/wp-content\/uploads\/sites\/10\/2012\/12\/DSC04091.jpg\"><img loading=\"lazy\" decoding=\"async\" class=\"alignnone size-full wp-image-690\" src=\"http:\/\/personal.pmf.uns.ac.rs\/tijana.prodanovic\/wp-content\/uploads\/sites\/10\/2012\/12\/DSC04091.jpg\" alt=\"DSC04091\" width=\"4912\" height=\"1080\" srcset=\"https:\/\/personal.pmf.uns.ac.rs\/tijana.prodanovic\/wp-content\/uploads\/sites\/10\/2012\/12\/DSC04091.jpg 4912w, https:\/\/personal.pmf.uns.ac.rs\/tijana.prodanovic\/wp-content\/uploads\/sites\/10\/2012\/12\/DSC04091-300x66.jpg 300w, https:\/\/personal.pmf.uns.ac.rs\/tijana.prodanovic\/wp-content\/uploads\/sites\/10\/2012\/12\/DSC04091-1024x225.jpg 1024w, https:\/\/personal.pmf.uns.ac.rs\/tijana.prodanovic\/wp-content\/uploads\/sites\/10\/2012\/12\/DSC04091-624x137.jpg 624w\" sizes=\"auto, (max-width: 4912px) 100vw, 4912px\" \/><\/a><\/p>\n<div id=\"content\">\n<div>\n<h1><strong>VIII SAR<\/strong><\/h1>\n<address><strong>Subota, 25.04.2015.<\/strong><\/address>\n<address><strong>U\u010dionica 65, III sprat, Departman za fiziku, Prirodno-matemati\u010dki fakultet, Trg Dositeja Obradovi\u0107a 4, Novi Sad<br \/>\n<\/strong><\/address>\n<address>\n<div id=\"attachment_735\" style=\"width: 635px\" class=\"wp-caption aligncenter\"><a href=\"http:\/\/personal.pmf.uns.ac.rs\/tijana.prodanovic\/wp-content\/uploads\/sites\/10\/2012\/12\/DSC04218.jpg\"><img loading=\"lazy\" decoding=\"async\" aria-describedby=\"caption-attachment-735\" class=\"wp-image-735 size-large\" src=\"http:\/\/personal.pmf.uns.ac.rs\/tijana.prodanovic\/wp-content\/uploads\/sites\/10\/2012\/12\/DSC04218-1024x576.jpg\" alt=\"Ucesnici 8. Studentske astronomske radionice, 25. april 2015.\" width=\"625\" height=\"352\" srcset=\"https:\/\/personal.pmf.uns.ac.rs\/tijana.prodanovic\/wp-content\/uploads\/sites\/10\/2012\/12\/DSC04218-1024x576.jpg 1024w, https:\/\/personal.pmf.uns.ac.rs\/tijana.prodanovic\/wp-content\/uploads\/sites\/10\/2012\/12\/DSC04218-300x169.jpg 300w, https:\/\/personal.pmf.uns.ac.rs\/tijana.prodanovic\/wp-content\/uploads\/sites\/10\/2012\/12\/DSC04218-624x351.jpg 624w\" sizes=\"auto, (max-width: 625px) 100vw, 625px\" \/><\/a><p id=\"caption-attachment-735\" class=\"wp-caption-text\">Ucesnici 8. Studentske astronomske radionice, 25. april 2015.<\/p><\/div>\n<\/address>\n<p><a href=\"http:\/\/people.df.uns.ac.rs\/~prodanvc\/radionica\/VIII_SAR_program.pdf\"><strong><em>PROGRAM<\/em><\/strong><\/a><\/p>\n<p>10:00 &#8211; 11:00 Dolazak studenata iz Beograda i upoznavanje<\/p>\n<p><b>Plenarno predavanje (Chair: T. Prodanovi\u0107, D. Ili\u0107)<br \/>\n<\/b><\/p>\n<p>11:00 &#8211; 11:45 <a href=\"http:\/\/people.df.uns.ac.rs\/%7Eprodanvc\/radionica\/predavanja\/osma\/Nemanja%20Martinovic.pdf\">Nemanja Martinovi\u0107: <\/a><em><a href=\"http:\/\/people.df.uns.ac.rs\/%7Eprodanvc\/radionica\/predavanja\/osma\/Nemanja%20Martinovic.pdf\">Novosti u astrofizici &#8211; kako ostati u toku?<\/a><br \/>\n<\/em><\/p>\n<p>11:45 &#8211; 12:00 Pauza<\/p>\n<p><b>Sesija I<\/b> (Chair:D. Ili\u0107)<br \/>\n12:00 &#8211; 12:20 <a href=\"http:\/\/people.df.uns.ac.rs\/%7Eprodanvc\/radionica\/predavanja\/osma\/Prezentacija.swf\">Srdjan \u0160ibali\u0107: <em>Problematika fitovanja na realnim podacima sa asimetri\u010dnim gre\u0161kama<\/em><\/a><br \/>\n12:20 &#8211; 12:40 <a href=\"http:\/\/people.df.uns.ac.rs\/%7Eprodanvc\/radionica\/predavanja\/osma\/Nikoleta%20Ilic.pptx\">Nikoleta Ili\u0107, Aleksandra Janje\u0161: <em>Dvojni sistemi Phi Persei<\/em><\/a><br \/>\n12:40 &#8211; 13:00 <a href=\"http:\/\/people.df.uns.ac.rs\/%7Eprodanvc\/radionica\/predavanja\/osma\/Sonja%20Smiljanic.pdf\">Sonja Smiljani\u0107: <em>Sun\u010deve baklje i IDL<\/em><\/a><\/p>\n<p>13:00 &#8211; 14:00 Pauza za ru\u010dak<\/p>\n<p><b>Sesija II<\/b> (Chair: T. Prodanovi\u0107)<br \/>\n14:00 &#8211; 14:20 <a href=\"http:\/\/people.df.uns.ac.rs\/%7Eprodanvc\/radionica\/predavanja\/osma\/Dusan%20Pavlovic.pdf\">Du\u0161an Pavlovi\u0107: <em>Haoti\u010dna difuzija Jupiterovih Trojanaca<\/em><\/a><br \/>\n14:20 &#8211; 14:40 <a href=\"http:\/\/people.df.uns.ac.rs\/%7Eprodanvc\/radionica\/predavanja\/osma\/Jovana%20Petrovic.pdf\">Jovana Petrovi\u0107: <em>Milisekundni pulsari i vi\u0161ak zra\u010denja iz galakti\u010dkog centra<\/em><\/a><br \/>\n14:40 &#8211; 15:00 <a href=\"http:\/\/people.df.uns.ac.rs\/%7Eprodanvc\/radionica\/predavanja\/osma\/Vanja%20Sarkovic.pdf\">Vanja \u0160arkovi\u0107: <em>Sudbina me\u0111uzvezdane pra\u0161ine u galaksijama posle zvezdorodne faze<\/em><\/a><\/p>\n<p>15:00 &#8211; 15:15 Diskusija + pauza<\/p>\n<p>15:15 &#8211; 16:30 Sa\u0161a Topi\u0107: <em>Sklopite spektrograf za 10 min (pokazna vezba)<br \/>\n<\/em><\/p>\n<p>16:00 &#8211; 16:30 Tijana Prodanovi\u0107: <em>Kako se prijaviti za doktorske studije<\/em><\/p>\n<p><strong>Predavanja traju 15 min + 5 min za pitanja (obezbe\u0111en projektor i ra\u010dunar)<\/strong><\/p>\n<p><strong>Zvani\u010dni jezik radionice: srpski<\/strong><\/p>\n<p class=\"wpview-selection-before\">\n<p class=\"wpview-selection-after\">\n<p><b>U\u010desnici<\/b>: Studenti astronomije sa Beogradskog i Novosadskog Univerziteta<br \/>\n<b>Organizatori<\/b>: <a href=\"http:\/\/www.matf.bg.ac.yu\/katedre\/astronomija\/index.html\" target=\"_blank\">Katedra za astronomiju, Matematicki fakultet u Beogradu<\/a>; <a href=\"http:\/\/www.df.uns.ac.rs\/index.php?lang=lat\" target=\"_blank\">Departman za Fiziku, Prirodno-matematicki fakultet u Novom Sadu<\/a>;<\/p>\n<\/div>\n<div>\n<div><\/div>\n<p>Pregled ostalih radionica: <a title=\"Prva Studentska Astronomska Radionica\" href=\"http:\/\/personal.pmf.uns.ac.rs\/tijana.prodanovic\/teaching\/studentska_astro_radionica\/1_studentska_astro_radionica\/\">I SAR<\/a>, <a title=\"II SAR\" href=\"http:\/\/personal.pmf.uns.ac.rs\/tijana.prodanovic\/teaching\/studentska_astro_radionica\/2_studentska_astro_radionica\/\">II SAR<\/a>, <a title=\"III SAR\" href=\"http:\/\/personal.pmf.uns.ac.rs\/tijana.prodanovic\/teaching\/studentska_astro_radionica\/3_studentska_astro_radionic\/\">III SAR <\/a>, <a title=\"IV SAR\" href=\"http:\/\/personal.pmf.uns.ac.rs\/tijana.prodanovic\/teaching\/studentska_astro_radionica\/4_studentska_astro_radionic\/\">IV SAR<\/a>, <a title=\"V SAR\" href=\"http:\/\/personal.pmf.uns.ac.rs\/tijana.prodanovic\/teaching\/studentska_astro_radionica\/v-sar\/\">V SAR <\/a>, <a href=\"http:\/\/personal.pmf.uns.ac.rs\/tijana.prodanovic\/teaching\/studentska_astro_radionica\/vi-sar\/\">VI SAR<\/a>, <a href=\"http:\/\/personal.pmf.uns.ac.rs\/tijana.prodanovic\/teaching\/studentska_astro_radionica\/vii-sar\/\">VII SAR<\/a><\/p>\n<\/div>\n<\/div>\n","protected":false},"excerpt":{"rendered":"<p>VIII SAR Subota, 25.04.2015. U\u010dionica 65, III sprat, Departman za fiziku, Prirodno-matemati\u010dki fakultet, Trg Dositeja Obradovi\u0107a 4, Novi Sad PROGRAM 10:00 &#8211; 11:00 Dolazak studenata iz Beograda i upoznavanje Plenarno predavanje (Chair: T. Prodanovi\u0107, D. Ili\u0107) 11:00 &#8211; 11:45 Nemanja Martinovi\u0107: Novosti u astrofizici &#8211; kako ostati u toku? 11:45 &#8211; 12:00 Pauza Sesija I [&hellip;]<\/p>\n","protected":false},"author":11,"featured_media":0,"parent":8,"menu_order":0,"comment_status":"closed","ping_status":"closed","template":"","meta":{"_monsterinsights_skip_tracking":false,"_monsterinsights_sitenote_active":false,"_monsterinsights_sitenote_note":"","_monsterinsights_sitenote_category":0,"footnotes":""},"class_list":["post-829","page","type-page","status-publish","hentry"],"_links":{"self":[{"href":"https:\/\/personal.pmf.uns.ac.rs\/tijana.prodanovic\/wp-json\/wp\/v2\/pages\/829","targetHints":{"allow":["GET"]}}],"collection":[{"href":"https:\/\/personal.pmf.uns.ac.rs\/tijana.prodanovic\/wp-json\/wp\/v2\/pages"}],"about":[{"href":"https:\/\/personal.pmf.uns.ac.rs\/tijana.prodanovic\/wp-json\/wp\/v2\/types\/page"}],"author":[{"embeddable":true,"href":"https:\/\/personal.pmf.uns.ac.rs\/tijana.prodanovic\/wp-json\/wp\/v2\/users\/11"}],"replies":[{"embeddable":true,"href":"https:\/\/personal.pmf.uns.ac.rs\/tijana.prodanovic\/wp-json\/wp\/v2\/comments?post=829"}],"version-history":[{"count":1,"href":"https:\/\/personal.pmf.uns.ac.rs\/tijana.prodanovic\/wp-json\/wp\/v2\/pages\/829\/revisions"}],"predecessor-version":[{"id":830,"href":"https:\/\/personal.pmf.uns.ac.rs\/tijana.prodanovic\/wp-json\/wp\/v2\/pages\/829\/revisions\/830"}],"up":[{"embeddable":true,"href":"https:\/\/personal.pmf.uns.ac.rs\/tijana.prodanovic\/wp-json\/wp\/v2\/pages\/8"}],"wp:attachment":[{"href":"https:\/\/personal.pmf.uns.ac.rs\/tijana.prodanovic\/wp-json\/wp\/v2\/media?parent=829"}],"curies":[{"name":"wp","href":"https:\/\/api.w.org\/{rel}","templated":true}]}}