{"id":34,"date":"2012-12-28T11:11:15","date_gmt":"2012-12-28T10:11:15","guid":{"rendered":"http:\/\/personal.pmf.uns.ac.rs\/tijana.prodanovic\/?page_id=34"},"modified":"2013-04-11T11:00:04","modified_gmt":"2013-04-11T10:00:04","slug":"kako-napraviti-dobru-prezentaciju","status":"publish","type":"page","link":"https:\/\/personal.pmf.uns.ac.rs\/tijana.prodanovic\/useful-tips\/kako-napraviti-dobru-prezentaciju\/","title":{"rendered":"Kako napraviti dobru prezentaciju"},"content":{"rendered":"<p align=\"justify\">Uvek me iznenadi i porazi \u010dinjenica da samo mali broj ljudi zna da odr\u017ei dobro predavanje. Za nas nau\u010dnike dobro predavanje je obi\u010dno Ahilova peta. \u201eLudi nau\u010dnici\u201c su toliko zalu\u0111eni svojom naukom da kada je prezentuju na nau\u010dnim konferencijama ili u javnosti ta njihova prezentacija je \u010desto vrlo zbunjuju\u0107a, naizgled dosadna a po nekad \u010dak i zastra\u0161uju\u0107a. Me\u0111utim, postoje neka op\u0161ta pravila, koja, ako biste ih primenili, bi u\u010dinila \u010dudo od va\u0161e prezentacije. Ova pravila se mogu primeniti na bilo kakav tip prezentacije, bilo da je u pitanju neko nau\u010dno predavanje, nastavno predavanje, neka marketin\u0161ka, poslovna prezentacija, ma bilo \u0161ta, bez obzira na veli\u010dinu publike. Postoje ljudi (na \u017ealost, ne kod nas) \u010diji je posao da vas obu\u010de, da vam poka\u017eu kako da odr\u017eite dobru prezentaciju. Odmah \u0107u vam re\u0107i \u2013 ja nisam jedna od tih ljudi. Ja sam samo neko ko je ovu \u201eve\u0161tinu\u201c nau\u010dio iz iskustva. No bez obzira na to, garantujem vam, da ako isprobate da primenite ove trikove na va\u0161oj prezentaciji, vide\u0107ete da \u0107e vam pomo\u0107i. Tako da, bez daljeg odlaganja, predstavljam vam<\/p>\n<p>&nbsp;<\/p>\n<p><strong>MOJIH 10 PREZENTERSKIH ZAPOVESTI <\/strong><\/p>\n<p align=\"justify\">1.<strong>Upoznajte publiku<\/strong><\/p>\n<p>Ovo izgleda tako jednostavno ali je najbitnija stvar koju mo\u017eete da uradite za va\u0161e predavanje da bi ono bilo dobro. \u010cak i pre no \u0161to prihvatite da odr\u017eite neko predavanje\/prezentaciju raspitajte se o strukturi publike. Da li \u0107e va\u0161a publika biti prevashodno mladi? Ili mo\u017eda stariji ljudi? Ho\u0107e biti dobro obrazovani? Na\u010ditani? Materijalno dobro stoje\u0107i? Nekada \u0107e vam mo\u017eda biti od va\u017enosti i informacija koje su nacionalnosti, religije. Naravno, ne treba vam svaka ova informacija svaki put. Vi odlu\u010dite koja osobina publike je najbitnija za va\u0161e predavanje, da bi ono bilo dobro prihva\u0107eno. Vi odlu\u010dite ko vam je ciljna grupa u odnosu na temu va\u0161eg predavanja. Na primer, ja kad dr\u017eim popularno predavanje, ako ga dr\u017eim \u0111acima neke srednje \u0161kole, potrudi\u0107u se da koristim vi\u0161e slenga u svom govoru, da spominjem i pravim analogije sa stvarimo koje su im bliske \u2013 sa nekom popularnom muzikom, poznatim li\u010dnostima i sl. S drzge strane, ako dr\u017eim popularno predavanje u nekom gradskom kulturnom centru gde u glavnom dolaze stariji, bolje obrazovani gra\u0111ani i penzioneri, potrudi\u0107u se da se izra\u017eavam malo suptilnije, da zvu\u010dim ozbiljnije, i ne\u0107u se toliko truditi da animiram publiku kao \u0161to to moram da radim ako mi publiku ve\u0107inom \u010dine tinejd\u017eeri. Dakle, vi sami odlu\u010dite koja informacija o publici vam je bitna za va\u0161u prezentaciju i prilagodite se tome. Po nekada, pogotovo kada dr\u017eite jednu te istu prezentaciju vi\u0161e puta, razli\u010ditim publikama, najlak\u0161e je odr\u017eati potpuno identi\u010dnu prezentaciju svaki put. Me\u0111utim, \u010dak i kada je publika skoro ista po strukturi (na pr. \u0161rednjo\u0161kolci u razli\u010ditim \u0161kolama) ljudi jednostavno vole da vide personalizovanu prezentaciju, da vide da je prezentacija napravljena ba\u0161 za njih li\u010dno. Na pr. kada dr\u017eim predavanje o galaksijama, i kada poka\u017eem sliku Mle\u010dnog puta, na\u0161e galaksije, uvek strelicom ozna\u010dim gde se tu u galaksiji nalazi Sunce tj. gde se mi nalazimo. Me\u0111utim, umesto da tu gde je strelica napi\u0161em samo \u201eSunce\u201c ili \u201eZemlja\u201c ja napi\u0161em ime grada ili institucije u kojoj dr\u017eim to predavanje, i prosto je neverovatno kolko ne\u0161to tako jednostavno, tako mala personalizacija, mo\u017ee da napravi razliku u tome da li \u0107e se publici svideti predavanje ili ne\u0107e.<\/p>\n<p align=\"justify\"><strong>2. <\/strong><strong>Budite svoji<\/strong><\/p>\n<p>Znam da ova ta\u010dka zvu\u010di ko da protivre\u010di ta\u010dki br. 1, ali nije tako. Kako god da izmenite va\u0161u prezentaciju da biste i nju i sebe prilagodili publici, na kraju krajeva, \u017eelite da ostanete svoji. To je ono \u0161to \u0107e uliti poverenje va\u0161oj publici . Poslednje \u0161to \u017eelite kad dr\u017eite neku prezentaciju je da vam publika ne veruje. A kada vam publika ne\u0107e verovati? Kad nanju\u0161e lo\u0161u glumu. Ako se suvi\u0161e trudite da budete ne\u0161to \u0161to niste, tokom izlaganja va\u0161e prezentacije, to \u0107e li\u010diti na lo\u0161u glumu (osim ako ste Roberd de Niro), a lo\u0161a gluma prilikom prezentacije kada poku\u0161avate da \u201eprodate\u201c publici va\u0161u ideju, va\u0161u pri\u010du, vodi u neuspeh. Zna\u010di, bez obzira na sve, ne \u017eelite da izgledate neprirodno. Dve sitnice koje \u0107e vam pomo\u0107i da ne izgledate neprirodno i ne po\u010denete lo\u0161e da glumatate tokom prezentacije je: nosite (prilago\u0111enu ali) udobnu ode\u0107u i verujte u to \u0161to izgovarate (osim ako ste advokat ili politi\u010dar ;))<\/p>\n<p align=\"justify\">3. <strong>Budite publika<\/strong><\/p>\n<p>Prvi i osnovni korak do dobre prezentacije je da se stavite na mesto publike. Dakle, napravite prezentaciju za sebe, kakvu biste vi voleli da vidite, koja bi vama samim bila zanimljiva, zabavna, jasna i \u0161ta god ve\u0107 poku\u0161avate da postignete. Nikako nemojte da napravite prezentaciju koja bi i vas same uspavala. I zapamtite, ako vam nije interesantno ni zabavno ve\u0107 dok pi\u0161ete i pravite va\u0161u prezentaciju, dok je isprobavate i dr\u017eite, onda bi verovatno bilo dobro da je malo prepravite.<\/p>\n<p align=\"justify\">4.<strong>Ve\u017ebati, ve\u017ebati i samo ve\u017ebati<\/strong><\/p>\n<p align=\"justify\">Jednostavno. Verujte mi, zaista ne \u017eelite da izgovorite va\u0161u prezentaciju prvi put ba\u0161 pred ciljnom publikom. Pre toga morate je malo prove\u017ebati. Na primer, svaki put kad zavr\u0161im sa pisanjem nekog predavanja\/prezentacije \u010dini mi se da je dobra i kompletna i obi\u010dno sam dosta zadovoljna s tim kako je napisana. Me\u0111utim, tek kad je probam po prvi put, na glas, od po\u010detnog \u201eDobro ve\u010de\u201c pa do \u201eHvala na pa\u017enji\u201c shvatim da ipak nije tako savr\u0161ena kako \u0161to sam mislila, da tu ipak ima jo\u0161 ne\u0161to da se doradi, neki prelaz da se ispegla, pri\u010da malo bolje da se pove\u017ee i sl. dakle, tek kad probate va\u0161u prezentaciju vidite kolko je dobro napisana. Me\u0111utim, ne \u017eelite previ\u0161e da je uve\u017ebate do te mere da po\u010dnete \u010ditave fraze i re\u010denice da pamtite na pamet. Jer u tom slu\u010daju, ako se stvari nau\u010de na pamet, sve po\u010dinje da zvu\u010di kao lo\u0161a gluma, a lo\u0161a gluma vodi nepoverenju publike. Osim ako patite od treme. U tom slu\u010daju, OK je i \u010dak i poma\u017ee, da prvih nekoliko uvodnih re\u010denica nau\u010dite na pamet, jer ako ne morate da brinete o tome kako \u0107ete po\u010deti to \u0107e vas opustiti za ostatak va\u0161e prezentacije, dok se trema ne smiri.<\/p>\n<p align=\"justify\">5.<strong>Uvod \u2013 razrada &#8211; zaklju\u010dak<\/strong><\/p>\n<p>U svakom trenutku tokom prezentacije publika mora da zna \u0161to su tu, kuda idu i gde se trenutno nalaze. To je osnov te\u010dne, glatke i jasne prezentacije. Da biste to postigli, dobra prezentacije mora da ima, kao \u0161to su nas u\u010dili u \u0161koli da pi\u0161emo sastave, uvod, razradu i zaklju\u010dak. Dakle, ne \u017eelite da va\u0161a prezentacija izgleda ko film Dejvida Lin\u010da gde je publika totalno izgubljena u prostoru i\u00a0 vremenu. Poslednje \u0161to \u017eelite je da zbunite publiku. Prvo, objasnite publici za\u0161to su tu. Dajte im razlog za\u0161to je tema o kojoj pri\u010date bitna, ne samo vama neg i njima. Slede\u0107e \u0161to treba da uradite je da objasnite \u0161ta je cilj prezentacije i izlo\u017eite plan o tome kako \u0107ete ih voditi do tog cilja. Dalje, postavite temelje pri\u010de \u2013 objasnite publici sve bitne stvari, re\u010di, detalje s kojima moraju biti upoznati da bi mogli razumeti onaj glavni deo va\u0161eg predavanja\/prezentacije, i tek onda pre\u0111ite na razradu pri\u010de gde obja\u0161njavate procedure i metode i \u0161ta ste ve\u0107 koristili da biste do\u0161li do zaklju\u010dka. Kona\u010dno sledi su\u0161tina cele va\u0161e prezentacije \u2013 zaklju\u010dak, rezultat, poenta cele pri\u010de, gde poku\u0161ajte taj deo da naglasite, da bi bilo apsolutno jasno da je to ba\u0161 su\u0161tina va\u0161e pri\u010de. Na kraju, zavr\u0161ite va\u0161u prezentaciju glatko i postupno sa mo\u017eda nekim rezimiranjem i sl, a ne da samo odse\u010dete va\u0161u prezentaciju bez glatkog kraja jer to iznervira publiku.<\/p>\n<p align=\"justify\">6.<strong>Klju\u010dne re\u010di<\/strong><\/p>\n<p>Postarajte se da znate \u0161ta su klju\u010dne re\u010di va\u0161e prezentacije. Tokom svake prezentacije puno re\u010di se izgovori, puno slajdova se poka\u017ee, puno demonstracija se izvede, \u0161to je sve, u principu previ\u0161e informacija. Ako odr\u017eite dobru prezentaciju, ve\u0107ina publike \u0107e mo\u0107i sutra dan da je prepri\u010da. Nedelju dana kasnije, ve\u0107ina publike \u0107e se se\u0107ati samo delova va\u0161e prezentacije ali \u0107e znati \u0161ta je bila poenta. Godinu dana kasnije &#8230; ako uspeju da u 3 re\u010di sumiraju su\u0161tinu pri\u010de, tada mo\u017eete re\u0107i da va\u0161a prezentacije zaista jeste bila uspe\u0161na. E ba\u0161 te 3 re\u010di, to su te klju\u010dne re\u010di \u2013 ne\u0161to \u0161to \u0107e se ljudima urezati u se\u0107anje. Dakle, \u017eelite da razlo\u017eite va\u0161u prezentaciju na klju\u010dne re\u010di. Najlak\u0161i na\u010din to da u\u010dinite je da poku\u0161ate sebi da sa\u017emete va\u0161u prezentaciju u svega nekoliko re\u010di. Jednom kad ste odlu\u010dili \u0161ta su vam klju\u010dne re\u010di, ostaje vam samo da ih ponavljate i nagla\u0161avate tokom prezentacije \u0161to vi\u0161e mo\u017eete jer samo dovoljnim ponavjanjem \u0107e se one urezati publici u pam\u0107enje.<\/p>\n<p align=\"justify\">7.<strong>Ne preterujte<\/strong><\/p>\n<p>Ne \u017eelite da preterate sa informacijama. Znam da, pogotovo kada izla\u017eete ne\u0161to na \u010demu ste sami radili, u \u0161ta ste ulo\u017eili ogroman trud, je te\u0161ko ograni\u010diti se na malo re\u010di, jer jednostavno \u017eelite da podelite sa publikom sve detalje va\u0161eg mukotrpnog rada. Ali nemojte to raditi. Publika ne mora da \u010duje i zna ba\u0161 sve detalje \u010ditavog procesa va\u0161eg rada tokom prezentacije (osim ako je prezentacija ba\u0161 o tome). Dovoljno je samo da razumeju ideju, steknu generalnu sliku u tome, i zapamte su\u0161tinu\/zaklju\u010dak. Sve drugo, \u0161to nije od su\u0161tinske va\u017enosti, a \u0161to ipak \u017eelite da ka\u017eete, sa\u010duvajte za kraj, ostavite u vidu pomo\u0107nih slajdova za slu\u010daj da vas neko pita ne\u0161to o tome na kraju prezentacije. Kad pri\u010damo o preterivanju, tako\u0111e ne \u017eelite da preterate sa slajdovima (ako se radi o Power Point prezentaciji i sl.). Neko generalno pravilo je 1 slajd po minuti \u2013 dakle ako drzite 20-min prezentaciju nemojte imati vi\u0161e od 20 slajdova (ukupno, sa sve naslovnim slajdom). Tako\u0111e, ne \u017eelite da preterate sa tekstom na slajdovima jer ako imate suvi\u0161e teksta publici \u0107e biti jako te\u0161ko da sve to \u010ditaju a u isto vreme slu\u0161aju \u0161ta pri\u010date. I na kraju, ako ste nau\u010dnik il neko ko se bavi prirodnim, fundamentalnim naukama, molim vas, molim vas, poku\u0161ajte da ne preterujete sa jedna\u010dinama \u2013 poka\u017eite samo one jedna\u010dine koje su zaista bitne a sve ostale izostavite (ili ostavite samo kao \u201ebackup\u201c koji \u0107ete izvu\u0107i po potrebi) ili bar pojednostavite.<\/p>\n<p align=\"justify\">8.<strong>\u0160TA a ne KAKO <\/strong><\/p>\n<p>Nekada, sa svim ovim lepim efektima koji postoje u na pr. Power Point-u, mo\u017ee se desiti da KAKO kidnapuje \u0160TA. Ono \u0161to mislim pod tim je da, ako koristite suvi\u0161e Power Point razli\u010ditih animacija, padaju\u0107ih slova, dinami\u010dnih prelaza me\u0111u slajdovima, to sve mo\u017ee da odvu\u010de pa\u017enju publike sa teme o kojoj pri\u010date, i prebaci \u010ditavu pa\u017enju na sam dizajn prezentacije. Na pr. ako koristite kao pozadinu slajda neku lepu ali tamnu sliku, to obi\u010dno nije dobra ideja jer je tada tekst slabije \u010ditljiv. Ne \u017eelite da \u201elepota\u201c prezentacije bude na u\u0161trb samoj su\u0161tini prezentacije. Dakle, nemojte preterivati sa kozmeti\u010dkim ulep\u0161avanjem va\u0161e prezentacije.<\/p>\n<p align=\"justify\">9.<strong>Pogled u publiku<\/strong><\/p>\n<p>Vrlo jednostavno a pravi veliku razliku. Ako redovno tokom va\u0161e prezentacije bacate pogled u publiku, nasumi\u010dno pogledate ljude u o\u010di, to \u0107e vas u\u010diniti uverljivijim, publika \u0107e vam vi\u0161e verovati, izgleda\u0107ete prijatnije i pristupa\u010dnije, \u0161to \u0107e va\u0161u prezentaciju u\u010diniti uspe\u0161nijom. Osim ako naravno ne uputite pogled u D\u017eek Nikolson \u201eHere\u2019s Johnny\u201c stilu.<\/p>\n<p align=\"justify\">10.<strong>Vreme je isteklo! <\/strong><\/p>\n<p>Na kraju, bitno je re\u0107i da ni\u0161ta toliko ne iznervira publiku kao predava\u010d koji pretera sa vremenom. Mo\u017eete odr\u017eati brilijantnu prezentaciju, ali ako suvi\u0161e otegnete, i probijete termin koji vam je namenjen, bar neko u publici \u0107e ostati iznerviran time, a poslednje \u0161to \u017eelite je da zadnji utisak koji publika ponese sa va\u0161eg predavanja bude iznerviranost. Dakle, izuzetno je bitno da po\u0161tujete i svoje vreme i vreme publike.<\/p>\n<p align=\"justify\">I to je to. Mojih 10 prezenterskih zapovesti. Sve ovo je vrlo intuitivno i o\u010digledno, potpuno je druga pri\u010da kad se treba pridr\u017eavati ovih malih pravila. No, bez obzira, nadam se da \u0107e bar nekom ovo koristiti i da \u0107e bar neko ovo isprobati na svojoj prezentaciji. Verujte mi, iznenadi\u0107ete se kolika \u0107e biti razlika.<\/p>\n<p><em><strong>Ukoliko vam je potreban dodatan trening o pravljenju i dr\u017eanju prezentacija <a href=\"mailto:prodanvc@df.uns.ac.rs\">kontaktirajte me<\/a>.<\/strong><\/em><\/p>\n","protected":false},"excerpt":{"rendered":"<p>Uvek me iznenadi i porazi \u010dinjenica da samo mali broj ljudi zna da odr\u017ei dobro predavanje. Za nas nau\u010dnike dobro predavanje je obi\u010dno Ahilova peta. \u201eLudi nau\u010dnici\u201c su toliko zalu\u0111eni svojom naukom da kada je prezentuju na nau\u010dnim konferencijama ili u javnosti ta njihova prezentacija je \u010desto vrlo zbunjuju\u0107a, naizgled dosadna a po nekad \u010dak [&hellip;]<\/p>\n","protected":false},"author":11,"featured_media":0,"parent":12,"menu_order":0,"comment_status":"open","ping_status":"open","template":"","meta":{"_monsterinsights_skip_tracking":false,"_monsterinsights_sitenote_active":false,"_monsterinsights_sitenote_note":"","_monsterinsights_sitenote_category":0,"footnotes":""},"class_list":["post-34","page","type-page","status-publish","hentry"],"_links":{"self":[{"href":"https:\/\/personal.pmf.uns.ac.rs\/tijana.prodanovic\/wp-json\/wp\/v2\/pages\/34","targetHints":{"allow":["GET"]}}],"collection":[{"href":"https:\/\/personal.pmf.uns.ac.rs\/tijana.prodanovic\/wp-json\/wp\/v2\/pages"}],"about":[{"href":"https:\/\/personal.pmf.uns.ac.rs\/tijana.prodanovic\/wp-json\/wp\/v2\/types\/page"}],"author":[{"embeddable":true,"href":"https:\/\/personal.pmf.uns.ac.rs\/tijana.prodanovic\/wp-json\/wp\/v2\/users\/11"}],"replies":[{"embeddable":true,"href":"https:\/\/personal.pmf.uns.ac.rs\/tijana.prodanovic\/wp-json\/wp\/v2\/comments?post=34"}],"version-history":[{"count":4,"href":"https:\/\/personal.pmf.uns.ac.rs\/tijana.prodanovic\/wp-json\/wp\/v2\/pages\/34\/revisions"}],"predecessor-version":[{"id":88,"href":"https:\/\/personal.pmf.uns.ac.rs\/tijana.prodanovic\/wp-json\/wp\/v2\/pages\/34\/revisions\/88"}],"up":[{"embeddable":true,"href":"https:\/\/personal.pmf.uns.ac.rs\/tijana.prodanovic\/wp-json\/wp\/v2\/pages\/12"}],"wp:attachment":[{"href":"https:\/\/personal.pmf.uns.ac.rs\/tijana.prodanovic\/wp-json\/wp\/v2\/media?parent=34"}],"curies":[{"name":"wp","href":"https:\/\/api.w.org\/{rel}","templated":true}]}}