{"id":87,"date":"2015-10-10T10:00:07","date_gmt":"2015-10-10T10:00:07","guid":{"rendered":"http:\/\/personal.pmf.uns.ac.rs\/sanja.ruzicic\/?page_id=87"},"modified":"2016-02-15T22:32:45","modified_gmt":"2016-02-15T22:32:45","slug":"poslovna-matematika","status":"publish","type":"page","link":"https:\/\/personal.pmf.uns.ac.rs\/sanja.ruzicic\/nastava\/poslovna-matematika\/","title":{"rendered":"Poslovna matematika"},"content":{"rendered":"<p>Nazad na <a href=\"http:\/\/personal.pmf.uns.ac.rs\/sanja.ruzicic\/nastava\/\">Nastava<\/a><\/p>\n<hr \/>\n<p><em>Poslovna matematika je osnovni kurs matematike za studente turizmologije Departmana za geografiju i turizam Prirodno-matemati\u010dkog fakulteta u Novom Sadu.<\/em><\/p>\n<hr \/>\n<ul>\n<li><em>profesor<\/em>: dr\u00a0<a href=\"http:\/\/people.dmi.uns.ac.rs\/~apavlovic\/\" target=\"_blank\">Aleksandar Pavlovi\u0107<\/a><\/li>\n<li><em>asistent<\/em>: dr Milana \u010coli\u0107, Sanja Ru\u017ei\u010di\u0107<\/li>\n<\/ul>\n<p><strong><span style=\"text-decoration: underline\">Predavanja<\/span><\/strong>: <span style=\"color: #ff0000\">ponedeljak<\/span> 8-10h u AMF 1 na DMI<\/p>\n<p><span style=\"text-decoration: underline\"><strong>Ve\u017ebe<\/strong><\/span>: <span style=\"color: #ff0000\">utorak<\/span> 14.30-16h u AMF 1 na DMI i\u00a0<span style=\"color: #ff0000\">petak<\/span> 8-9.30h u AMF 1 na DMI<\/p>\n<hr \/>\n<p><strong>Literatura:<\/strong><\/p>\n<ul>\n<li>A. Pavlovi\u0107, <em>Predavanja iz Poslovne matematike<\/em><\/li>\n<li>Lj. Gaji\u0107, D. Herceg, N. Kreji\u0107,\u00a0<em>Elementi poslovne matematike<\/em><\/li>\n<li>Lj. Gaji\u0107, A. Pavlovi\u0107, S. Rapaji\u0107, <em>Zbirka re\u0161enih ispitnih zadataka iz poslovne matematike<\/em><\/li>\n<\/ul>\n","protected":false},"excerpt":{"rendered":"<p>Nazad na Nastava Poslovna matematika je osnovni kurs matematike za studente turizmologije Departmana za geografiju i turizam Prirodno-matemati\u010dkog fakulteta u Novom Sadu. profesor: dr\u00a0Aleksandar Pavlovi\u0107 asistent: dr Milana \u010coli\u0107, Sanja Ru\u017ei\u010di\u0107 Predavanja: ponedeljak 8-10h u AMF 1 na DMI Ve\u017ebe: &hellip; <a href=\"https:\/\/personal.pmf.uns.ac.rs\/sanja.ruzicic\/nastava\/poslovna-matematika\/\">Continue reading <span class=\"meta-nav\">&rarr;<\/span><\/a><\/p>\n","protected":false},"author":56,"featured_media":0,"parent":14,"menu_order":0,"comment_status":"closed","ping_status":"closed","template":"","meta":{"_monsterinsights_skip_tracking":false,"_monsterinsights_sitenote_active":false,"_monsterinsights_sitenote_note":"","_monsterinsights_sitenote_category":0,"footnotes":""},"class_list":["post-87","page","type-page","status-publish","hentry"],"_links":{"self":[{"href":"https:\/\/personal.pmf.uns.ac.rs\/sanja.ruzicic\/wp-json\/wp\/v2\/pages\/87","targetHints":{"allow":["GET"]}}],"collection":[{"href":"https:\/\/personal.pmf.uns.ac.rs\/sanja.ruzicic\/wp-json\/wp\/v2\/pages"}],"about":[{"href":"https:\/\/personal.pmf.uns.ac.rs\/sanja.ruzicic\/wp-json\/wp\/v2\/types\/page"}],"author":[{"embeddable":true,"href":"https:\/\/personal.pmf.uns.ac.rs\/sanja.ruzicic\/wp-json\/wp\/v2\/users\/56"}],"replies":[{"embeddable":true,"href":"https:\/\/personal.pmf.uns.ac.rs\/sanja.ruzicic\/wp-json\/wp\/v2\/comments?post=87"}],"version-history":[{"count":9,"href":"https:\/\/personal.pmf.uns.ac.rs\/sanja.ruzicic\/wp-json\/wp\/v2\/pages\/87\/revisions"}],"predecessor-version":[{"id":151,"href":"https:\/\/personal.pmf.uns.ac.rs\/sanja.ruzicic\/wp-json\/wp\/v2\/pages\/87\/revisions\/151"}],"up":[{"embeddable":true,"href":"https:\/\/personal.pmf.uns.ac.rs\/sanja.ruzicic\/wp-json\/wp\/v2\/pages\/14"}],"wp:attachment":[{"href":"https:\/\/personal.pmf.uns.ac.rs\/sanja.ruzicic\/wp-json\/wp\/v2\/media?parent=87"}],"curies":[{"name":"wp","href":"https:\/\/api.w.org\/{rel}","templated":true}]}}