{"id":620,"date":"2018-02-07T13:16:46","date_gmt":"2018-02-07T13:16:46","guid":{"rendered":"https:\/\/personal.pmf.uns.ac.rs\/sanja.ruzicic\/?page_id=620"},"modified":"2018-05-04T10:25:32","modified_gmt":"2018-05-04T10:25:32","slug":"matematicka-analiza-2-rn-smer","status":"publish","type":"page","link":"https:\/\/personal.pmf.uns.ac.rs\/sanja.ruzicic\/nastava\/matematicka-analiza-2-rn-smer\/","title":{"rendered":"Matemati\u010dka analiza 2 (RN smer)"},"content":{"rendered":"<p>Nazad na <a href=\"http:\/\/personal.pmf.uns.ac.rs\/sanja.ruzicic\/nastava\/\">Nastava<\/a><\/p>\n<hr \/>\n<ul>\n<li><em>profesor<\/em>: dr\u00a0Ivana \u0160tajner-Papuga<\/li>\n<li><em>asistent<\/em>: Sanja Ru\u017ei\u010di\u0107<\/li>\n<li><em>predavanja<\/em>: \u010detvrtak, 8-11h (sala 60)<\/li>\n<li><em>ve\u017ebe<\/em>: utorak, 12-14h (sala 62)<\/li>\n<\/ul>\n<hr \/>\n<p><em><strong><span style=\"color: #800000\">II kolokvijum<\/span>: 5.6.2018. u 14h, Amfiteatar 1<\/strong><\/em><\/p>\n<p><em><strong><span style=\"color: #800000\">Popravni kolokvijumi:<\/span> 15.6. u 13h, Amfiteatar 1<\/strong><\/em><\/p>\n<hr \/>\n<p><em><strong>Pre po\u010detka ve\u017ebi ponovite slede\u0107e:\u00a0<a href=\"https:\/\/personal.pmf.uns.ac.rs\/sanja.ruzicic\/wp-content\/uploads\/sites\/48\/2018\/02\/Tablica-limesa.pdf\">tablica limesa<\/a>,\u00a0<a href=\"https:\/\/personal.pmf.uns.ac.rs\/sanja.ruzicic\/wp-content\/uploads\/sites\/48\/2017\/12\/recepti-za-integrale.pdf\">recepti za integrale<\/a>,\u00a0<a href=\"https:\/\/personal.pmf.uns.ac.rs\/sanja.ruzicic\/wp-content\/uploads\/sites\/48\/2017\/12\/tablice.pdf\">tablice izvoda i integrala<\/a>,\u00a0<a href=\"https:\/\/personal.pmf.uns.ac.rs\/sanja.ruzicic\/wp-content\/uploads\/sites\/48\/2017\/10\/Vezbe-2.pdf\" target=\"_blank\" rel=\"noopener\">Elementarne funkcije<\/a>\u00a0<\/strong><\/em><\/p>\n<hr \/>\n<p>Primeri prvog kolokvijuma:\u00a0<a href=\"https:\/\/personal.pmf.uns.ac.rs\/sanja.ruzicic\/wp-content\/uploads\/sites\/48\/2018\/03\/19.4.2016..pdf\">2016<\/a>,\u00a0<a href=\"https:\/\/personal.pmf.uns.ac.rs\/sanja.ruzicic\/wp-content\/uploads\/sites\/48\/2018\/03\/20.4.2017..pdf\">2017<\/a><\/p>\n<p>&nbsp;<\/p>\n","protected":false},"excerpt":{"rendered":"<p>Nazad na Nastava profesor: dr\u00a0Ivana \u0160tajner-Papuga asistent: Sanja Ru\u017ei\u010di\u0107 predavanja: \u010detvrtak, 8-11h (sala 60) ve\u017ebe: utorak, 12-14h (sala 62) II kolokvijum: 5.6.2018. u 14h, Amfiteatar 1 Popravni kolokvijumi: 15.6. u 13h, Amfiteatar 1 Pre po\u010detka ve\u017ebi ponovite slede\u0107e:\u00a0tablica limesa,\u00a0recepti za &hellip; <a href=\"https:\/\/personal.pmf.uns.ac.rs\/sanja.ruzicic\/nastava\/matematicka-analiza-2-rn-smer\/\">Continue reading <span class=\"meta-nav\">&rarr;<\/span><\/a><\/p>\n","protected":false},"author":56,"featured_media":0,"parent":14,"menu_order":0,"comment_status":"closed","ping_status":"closed","template":"","meta":{"_monsterinsights_skip_tracking":false,"_monsterinsights_sitenote_active":false,"_monsterinsights_sitenote_note":"","_monsterinsights_sitenote_category":0,"footnotes":""},"class_list":["post-620","page","type-page","status-publish","hentry"],"_links":{"self":[{"href":"https:\/\/personal.pmf.uns.ac.rs\/sanja.ruzicic\/wp-json\/wp\/v2\/pages\/620","targetHints":{"allow":["GET"]}}],"collection":[{"href":"https:\/\/personal.pmf.uns.ac.rs\/sanja.ruzicic\/wp-json\/wp\/v2\/pages"}],"about":[{"href":"https:\/\/personal.pmf.uns.ac.rs\/sanja.ruzicic\/wp-json\/wp\/v2\/types\/page"}],"author":[{"embeddable":true,"href":"https:\/\/personal.pmf.uns.ac.rs\/sanja.ruzicic\/wp-json\/wp\/v2\/users\/56"}],"replies":[{"embeddable":true,"href":"https:\/\/personal.pmf.uns.ac.rs\/sanja.ruzicic\/wp-json\/wp\/v2\/comments?post=620"}],"version-history":[{"count":8,"href":"https:\/\/personal.pmf.uns.ac.rs\/sanja.ruzicic\/wp-json\/wp\/v2\/pages\/620\/revisions"}],"predecessor-version":[{"id":710,"href":"https:\/\/personal.pmf.uns.ac.rs\/sanja.ruzicic\/wp-json\/wp\/v2\/pages\/620\/revisions\/710"}],"up":[{"embeddable":true,"href":"https:\/\/personal.pmf.uns.ac.rs\/sanja.ruzicic\/wp-json\/wp\/v2\/pages\/14"}],"wp:attachment":[{"href":"https:\/\/personal.pmf.uns.ac.rs\/sanja.ruzicic\/wp-json\/wp\/v2\/media?parent=620"}],"curies":[{"name":"wp","href":"https:\/\/api.w.org\/{rel}","templated":true}]}}