{"id":617,"date":"2018-02-07T13:13:29","date_gmt":"2018-02-07T13:13:29","guid":{"rendered":"https:\/\/personal.pmf.uns.ac.rs\/sanja.ruzicic\/?page_id=617"},"modified":"2022-01-04T08:12:42","modified_gmt":"2022-01-04T08:12:42","slug":"stohasticka-analiza-mb-smer","status":"publish","type":"page","link":"https:\/\/personal.pmf.uns.ac.rs\/sanja.ruzicic\/nastava\/stohasticka-analiza-mb-smer\/","title":{"rendered":"Stohasti\u010dka analiza (MB smer)"},"content":{"rendered":"<p>Nazad na <a href=\"http:\/\/personal.pmf.uns.ac.rs\/sanja.ruzicic\/nastava\/\">Nastava<\/a><\/p>\n<hr \/>\n<ul>\n<li><em>profesor<\/em>: dr\u00a0Danijela Rajter-\u0106iri\u0107<\/li>\n<li><em>asistent<\/em>: Sanja Ru\u017ei\u010di\u0107<\/li>\n<li><em>predavanja<\/em>:<\/li>\n<li><em>ve\u017ebe<\/em>:<\/li>\n<\/ul>\n<hr \/>\n<p><strong><em>Literatura:<\/em><\/strong><\/p>\n<ul>\n<li>Montgomery, Douglas C., and George C. Runger. <i>Applied statistics and probability for engineers<\/i>. John Wiley &amp; Sons, 2010.<\/li>\n<li>Lindgren, Georg, Holger Rootz\u00e9n, and Maria Sandsten. <i>Stationary stochastic processes for scientists and engineers<\/i>. CRC press, 2013.<\/li>\n<li>Yates, Roy D., and David J. Goodman. <i>Probability and stochastic processes: a friendly introduction for electrical and computer engineers<\/i>. Vol. 2. John Wiley &amp; Sons, 2005.<\/li>\n<li>Sheldon, M. Ross,\u00a0<em>Introduction to Probability Model<\/em>s, 2003.<\/li>\n<li>Gardner, William A. <i>Introduction to Random Processes: with applications to signals and systems<\/i>. Macmillan Publishing Company, 1986.<\/li>\n<\/ul>\n<hr \/>\n<p>Ve\u017ebe: <a href=\"https:\/\/personal.pmf.uns.ac.rs\/sanja.ruzicic\/wp-content\/uploads\/sites\/48\/2018\/03\/UslovnoOcekivanje_vezbe-1.pdf\">Uslovno ocekivanje<\/a>, <a href=\"https:\/\/personal.pmf.uns.ac.rs\/sanja.ruzicic\/wp-content\/uploads\/sites\/48\/2018\/03\/Stohasticki_procesi_zad.pdf\">Stohasticki procesi<\/a>, <a href=\"https:\/\/personal.pmf.uns.ac.rs\/sanja.ruzicic\/wp-content\/uploads\/sites\/48\/2019\/03\/LanciMarkova_zad-1.pdf-1.pdf\">Lanci Markova<\/a>,\u00a0<a href=\"https:\/\/personal.pmf.uns.ac.rs\/sanja.ruzicic\/wp-content\/uploads\/sites\/48\/2018\/03\/Poasonov-proces_svi-zadaci.pdf\">Poasonov proces<\/a>,\u00a0<a href=\"https:\/\/personal.pmf.uns.ac.rs\/sanja.ruzicic\/wp-content\/uploads\/sites\/48\/2018\/04\/Braunovo-kretanje.pdf\">Braunovo kretanje<\/a>,\u00a0<a href=\"https:\/\/personal.pmf.uns.ac.rs\/sanja.ruzicic\/wp-content\/uploads\/sites\/48\/2018\/05\/Stoh_int_Itova_formula_vezbe.pdf\">Itov kalkulus<\/a>,\u00a0<a href=\"https:\/\/personal.pmf.uns.ac.rs\/sanja.ruzicic\/wp-content\/uploads\/sites\/48\/2018\/05\/Martingali.pdf\">Martingali<\/a><\/p>\n<p>Teorija: <a href=\"https:\/\/personal.pmf.uns.ac.rs\/sanja.ruzicic\/wp-content\/uploads\/sites\/48\/2018\/11\/Stochastic_processes_theory.pdf\">Stochastic_processes_theory<\/a>\u00a0(poslednja izmena 27.11.2018.)<\/p>\n<p>Zadaci za ve\u017ebu:\u00a0<a href=\"https:\/\/personal.pmf.uns.ac.rs\/sanja.ruzicic\/wp-content\/uploads\/sites\/48\/2018\/03\/Uslovno-ocekivanje.pdf\">Uslovno ocekivanje<\/a>,\u00a0<a href=\"https:\/\/personal.pmf.uns.ac.rs\/sanja.ruzicic\/wp-content\/uploads\/sites\/48\/2018\/03\/Exercise-stoh_processes.pdf\">Stohasticki procesi<\/a>, <a href=\"https:\/\/personal.pmf.uns.ac.rs\/sanja.ruzicic\/wp-content\/uploads\/sites\/48\/2019\/03\/Markov_exer.pdf\">Lanci Markova<\/a>,\u00a0<a href=\"https:\/\/personal.pmf.uns.ac.rs\/sanja.ruzicic\/wp-content\/uploads\/sites\/48\/2018\/04\/Poasonov_zadaci_za_vezbu.pdf\">Poasonov proces<\/a>,\u00a0<a href=\"https:\/\/personal.pmf.uns.ac.rs\/sanja.ruzicic\/wp-content\/uploads\/sites\/48\/2018\/06\/BrownianM_exercise.pdf\">Martingali i Braunovo kretanje<\/a><\/p>\n<p>Zadaci sa pismenih ispita:\u00a0<a href=\"https:\/\/personal.pmf.uns.ac.rs\/sanja.ruzicic\/wp-content\/uploads\/sites\/48\/2019\/03\/Stohasticka-analiza_januar2018.pdf\">januar 2018<\/a>,\u00a0<a href=\"https:\/\/personal.pmf.uns.ac.rs\/sanja.ruzicic\/wp-content\/uploads\/sites\/48\/2019\/03\/Stohasticka-analiza_jun2018.pdf\">jun 2018<\/a>,\u00a0<a href=\"https:\/\/personal.pmf.uns.ac.rs\/sanja.ruzicic\/wp-content\/uploads\/sites\/48\/2019\/03\/Stohastika_sept2018.pdf\">septembar 2018<\/a>,\u00a0<a href=\"https:\/\/personal.pmf.uns.ac.rs\/sanja.ruzicic\/wp-content\/uploads\/sites\/48\/2019\/03\/Stohastika_okt2018.pdf\">oktobar 2018<\/a>,\u00a0<a href=\"https:\/\/personal.pmf.uns.ac.rs\/sanja.ruzicic\/wp-content\/uploads\/sites\/48\/2019\/03\/StohAnl_jan2019.pdf\">januar 2019<\/a> (<a href=\"https:\/\/personal.pmf.uns.ac.rs\/sanja.ruzicic\/wp-content\/uploads\/sites\/48\/2020\/03\/StohAnl_jan2019.pdf\">re\u0161enja<\/a>), <a href=\"https:\/\/personal.pmf.uns.ac.rs\/sanja.ruzicic\/wp-content\/uploads\/sites\/48\/2019\/10\/Stoh_anal_jun2019.pdf\">jun 2019<\/a> (<a href=\"https:\/\/personal.pmf.uns.ac.rs\/sanja.ruzicic\/wp-content\/uploads\/sites\/48\/2020\/03\/Stoh_anal_jun2019.pdf\">re\u0161enja<\/a>), <a href=\"https:\/\/personal.pmf.uns.ac.rs\/sanja.ruzicic\/wp-content\/uploads\/sites\/48\/2019\/10\/StohAnl_sep2019.pdf\">septembar 2019<\/a> (<a href=\"https:\/\/personal.pmf.uns.ac.rs\/sanja.ruzicic\/wp-content\/uploads\/sites\/48\/2020\/03\/StohAnl_sep2019.pdf\">re\u0161enja<\/a>), <a href=\"https:\/\/personal.pmf.uns.ac.rs\/sanja.ruzicic\/wp-content\/uploads\/sites\/48\/2019\/10\/StohAnl_okt2019.pdf\">oktobar 2019<\/a> (<a href=\"https:\/\/personal.pmf.uns.ac.rs\/sanja.ruzicic\/wp-content\/uploads\/sites\/48\/2020\/03\/StohAnl_okt2019.pdf\">re\u0161enja<\/a>), <a href=\"https:\/\/personal.pmf.uns.ac.rs\/sanja.ruzicic\/wp-content\/uploads\/sites\/48\/2020\/03\/Stoh_analiza_jan2020_ispit.pdf\">januar 2020<\/a> (<a href=\"https:\/\/personal.pmf.uns.ac.rs\/sanja.ruzicic\/wp-content\/uploads\/sites\/48\/2020\/03\/Stoh_analiza_jan2020_ispit-1.pdf\">re\u0161enja<\/a>), <a href=\"https:\/\/personal.pmf.uns.ac.rs\/sanja.ruzicic\/wp-content\/uploads\/sites\/48\/2021\/08\/Stohasticka-analiza_jun2020.pdf\">jun 2020<\/a>, <a href=\"https:\/\/personal.pmf.uns.ac.rs\/sanja.ruzicic\/wp-content\/uploads\/sites\/48\/2021\/08\/Stoh_analiza_sept2020.pdf\">septembar 2020<\/a>, <a href=\"https:\/\/personal.pmf.uns.ac.rs\/sanja.ruzicic\/wp-content\/uploads\/sites\/48\/2021\/08\/Stohasticka-analiza_oct2020.pdf\">oktobar 2020<\/a>, <a href=\"https:\/\/personal.pmf.uns.ac.rs\/sanja.ruzicic\/wp-content\/uploads\/sites\/48\/2021\/08\/Stoh_analiza_jan2021.pdf\">januar 2021, <\/a><a href=\"https:\/\/personal.pmf.uns.ac.rs\/sanja.ruzicic\/wp-content\/uploads\/sites\/48\/2021\/08\/Stoh_analiza_jun2021.pdf\">jun 2021<\/a>, <a href=\"https:\/\/personal.pmf.uns.ac.rs\/sanja.ruzicic\/wp-content\/uploads\/sites\/48\/2021\/08\/Stohasticka-analiza_jul2021.pdf\">jul 2021<\/a>, <a href=\"https:\/\/personal.pmf.uns.ac.rs\/sanja.ruzicic\/wp-content\/uploads\/sites\/48\/2021\/09\/Stoh_analiza_sep2021.pdf\">septembar 2021<\/a>, <a href=\"https:\/\/personal.pmf.uns.ac.rs\/sanja.ruzicic\/wp-content\/uploads\/sites\/48\/2022\/01\/Stohasticka-analiza_okt2021.pdf\">oktobar 2021<\/a><\/p>\n","protected":false},"excerpt":{"rendered":"<p>Nazad na Nastava profesor: dr\u00a0Danijela Rajter-\u0106iri\u0107 asistent: Sanja Ru\u017ei\u010di\u0107 predavanja: ve\u017ebe: Literatura: Montgomery, Douglas C., and George C. Runger. Applied statistics and probability for engineers. John Wiley &amp; Sons, 2010. Lindgren, Georg, Holger Rootz\u00e9n, and Maria Sandsten. Stationary stochastic processes &hellip; <a href=\"https:\/\/personal.pmf.uns.ac.rs\/sanja.ruzicic\/nastava\/stohasticka-analiza-mb-smer\/\">Continue reading <span class=\"meta-nav\">&rarr;<\/span><\/a><\/p>\n","protected":false},"author":56,"featured_media":0,"parent":14,"menu_order":0,"comment_status":"closed","ping_status":"closed","template":"","meta":{"_monsterinsights_skip_tracking":false,"_monsterinsights_sitenote_active":false,"_monsterinsights_sitenote_note":"","_monsterinsights_sitenote_category":0,"footnotes":""},"class_list":["post-617","page","type-page","status-publish","hentry"],"_links":{"self":[{"href":"https:\/\/personal.pmf.uns.ac.rs\/sanja.ruzicic\/wp-json\/wp\/v2\/pages\/617","targetHints":{"allow":["GET"]}}],"collection":[{"href":"https:\/\/personal.pmf.uns.ac.rs\/sanja.ruzicic\/wp-json\/wp\/v2\/pages"}],"about":[{"href":"https:\/\/personal.pmf.uns.ac.rs\/sanja.ruzicic\/wp-json\/wp\/v2\/types\/page"}],"author":[{"embeddable":true,"href":"https:\/\/personal.pmf.uns.ac.rs\/sanja.ruzicic\/wp-json\/wp\/v2\/users\/56"}],"replies":[{"embeddable":true,"href":"https:\/\/personal.pmf.uns.ac.rs\/sanja.ruzicic\/wp-json\/wp\/v2\/comments?post=617"}],"version-history":[{"count":30,"href":"https:\/\/personal.pmf.uns.ac.rs\/sanja.ruzicic\/wp-json\/wp\/v2\/pages\/617\/revisions"}],"predecessor-version":[{"id":1283,"href":"https:\/\/personal.pmf.uns.ac.rs\/sanja.ruzicic\/wp-json\/wp\/v2\/pages\/617\/revisions\/1283"}],"up":[{"embeddable":true,"href":"https:\/\/personal.pmf.uns.ac.rs\/sanja.ruzicic\/wp-json\/wp\/v2\/pages\/14"}],"wp:attachment":[{"href":"https:\/\/personal.pmf.uns.ac.rs\/sanja.ruzicic\/wp-json\/wp\/v2\/media?parent=617"}],"curies":[{"name":"wp","href":"https:\/\/api.w.org\/{rel}","templated":true}]}}