{"id":1221,"date":"2020-10-02T23:54:36","date_gmt":"2020-10-02T21:54:36","guid":{"rendered":"https:\/\/personal.pmf.uns.ac.rs\/samir.zahirovic\/?page_id=1221"},"modified":"2024-11-08T11:59:29","modified_gmt":"2024-11-08T09:59:29","slug":"curriculum-vitae","status":"publish","type":"page","link":"https:\/\/personal.pmf.uns.ac.rs\/samir.zahirovic\/curriculum-vitae\/","title":{"rendered":"Curriculum Vitae"},"content":{"rendered":"\n<p>Born in 1989 in Novi Sad, Republic of Serbia<\/p>\n\n\n\n<p><strong>Education<\/strong><\/p>\n\n\n\n<ul class=\"wp-block-list\">\n<li>Ph.D. in Mathematics: University of Novi Sad, Faculty of Sciences, 2020<\/li>\n\n\n\n<li>M.Sc. in Mathematics: University of Novi Sad, Faculty of Sciences, 2013<\/li>\n\n\n\n<li>B.Sc. in Mathematics: University of Novi Sad, Faculty of Sciences, 2011<\/li>\n<\/ul>\n\n\n\n<p><strong>Positions Held<\/strong><\/p>\n\n\n\n<ul class=\"wp-block-list\">\n<li>2021 &#8211; : Assistant Professor, <\/li>\n\n\n\n<li>2019 &#8211; 2021: Teaching Assistant, Department of Mathematics and Informatics, Faculty of Sciences, University of Novi Sad<\/li>\n\n\n\n<li>2014 &#8211; 2018: Research Associate, Department of Mathematics and Informatics, Faculty of Sciences, University of Novi Sad<\/li>\n<\/ul>\n\n\n\n<p><strong>Publications<\/strong><\/p>\n\n\n\n<ol class=\"wp-block-list\">\n<li>I. Bo\u0161njak, R. Madar\u00e1sz, S. Zahirovi\u0107, Difference graphs of finite abelian groups with two Sylow subgroups, <a rel=\"noreferrer noopener\" href=\"https:\/\/arxiv.org\/abs\/2404.18167\" data-type=\"link\" data-id=\"https:\/\/arxiv.org\/abs\/2404.18167\" target=\"_blank\">arXiv:2404.18167<\/a><\/li>\n\n\n\n<li>X. Ma, S. Zahirovi\u0107, Y. Lv, Y. She, <em>Forbidden subgraphs in enhanced power graphs of finite groups<\/em>, Revista de la Real Academia de Ciencias Exactas, F\u00edsicas y Naturales. Serie A. Matem\u00e1ticas 118 (2024), article number 110 <a rel=\"noreferrer noopener\" href=\"https:\/\/links.springernature.com\/f\/a\/CTs_mpoXhvTNmMYU3LHliQ~~\/AABE5gA~\/RgRoJh36P0SlaHR0cHM6Ly9saW5rLnNwcmluZ2VyLmNvbS8xMC4xMDA3L3MxMzM5OC0wMjQtMDE2MTEtMT91dG1fc291cmNlPXJjdF9jb25ncmF0ZW1haWx0JnV0bV9tZWRpdW09ZW1haWwmdXRtX2NhbXBhaWduPW5vbm9hXzIwMjQwNTE0JnV0bV9jb250ZW50PTEwLjEwMDcvczEzMzk4LTAyNC0wMTYxMS0xVwNzcGNCCmY8-phDZr1XTDpSHXNhbWlyLnphaGlyb3ZpY0BkbWkudW5zLmFjLnJzWAQAAAct\" data-type=\"link\" data-id=\"https:\/\/links.springernature.com\/f\/a\/CTs_mpoXhvTNmMYU3LHliQ~~\/AABE5gA~\/RgRoJh36P0SlaHR0cHM6Ly9saW5rLnNwcmluZ2VyLmNvbS8xMC4xMDA3L3MxMzM5OC0wMjQtMDE2MTEtMT91dG1fc291cmNlPXJjdF9jb25ncmF0ZW1haWx0JnV0bV9tZWRpdW09ZW1haWwmdXRtX2NhbXBhaWduPW5vbm9hXzIwMjQwNTE0JnV0bV9jb250ZW50PTEwLjEwMDcvczEzMzk4LTAyNC0wMTYxMS0xVwNzcGNCCmY8-phDZr1XTDpSHXNhbWlyLnphaGlyb3ZpY0BkbWkudW5zLmFjLnJzWAQAAAct\" target=\"_blank\">(link)<\/a> <a href=\"https:\/\/cloud.pmf.uns.ac.rs\/s\/DiXMkZpHppEbf3W\/download\" data-type=\"link\" data-id=\"https:\/\/cloud.pmf.uns.ac.rs\/s\/DiXMkZpHppEbf3W\/download\" target=\"_blank\" rel=\"noreferrer noopener\">(pdf)<\/a><\/li>\n\n\n\n<li>I. Bo\u0161njak, R. Madar\u00e1sz, S. Zahirovi\u0107, <em>Some New Results Concerning Power Graphs and Enhanced Power Graphs of Groups<\/em>, Discrete Applied Mathematics 357 (2024), 86-93 <a href=\"https:\/\/www.sciencedirect.com\/science\/article\/abs\/pii\/S0166218X24002385\" data-type=\"link\" data-id=\"https:\/\/www.sciencedirect.com\/science\/article\/abs\/pii\/S0166218X24002385\" target=\"_blank\" rel=\"noreferrer noopener\">(link)<\/a> <a href=\"https:\/\/cloud.pmf.uns.ac.rs\/s\/JQDMLTxQm9p3X7c\/download\" target=\"_blank\" rel=\"noreferrer noopener\">(pdf)<\/a><\/li>\n\n\n\n<li>S.H. Jafari, S. Zahirovi\u0107, <em>Power graphs of all nilpotent groups<\/em>, Journal of Algebraic Combinatorics 58 (2023), no 3, 611-622. <a rel=\"noreferrer noopener\" href=\"https:\/\/link.springer.com\/article\/10.1007\/s10801-023-01267-x\" target=\"_blank\">(link)<\/a> <a rel=\"noreferrer noopener\" href=\"https:\/\/cloud.pmf.uns.ac.rs\/s\/Ya3s6ELEdZqDFfi\/download\" target=\"_blank\">(pdf)<\/a><\/li>\n\n\n\n<li>S. Zahirovi\u0107, <em>The Power Graph of a Torsion-Free Group of Nilpotency Class 2<\/em>, Journal of Algebraic Combinatorics 55 (2022), no 3, 715-727. <a rel=\"noreferrer noopener\" href=\"https:\/\/link.springer.com\/article\/10.1007\/s10801-021-01067-1?wt_mc=Internal.Event.1.SEM.ArticleAuthorOnlineFirst&amp;utm_source=ArticleAuthorOnlineFirst&amp;utm_medium=email&amp;utm_content=AA_en_06082018&amp;ArticleAuthorOnlineFirst_20211005\" target=\"_blank\">(link)<\/a> <a href=\"https:\/\/cloud.pmf.uns.ac.rs\/s\/ZqXALJApyPW9f5K\/download\" target=\"_blank\" rel=\"noreferrer noopener\">(pdf)<\/a><\/li>\n\n\n\n<li>S. Zahirovi\u0107, <em>The Power Graph of a Torsion-Free Group Determines the Directed Power Graph<\/em>, Discrete Applied Mathematics 305 (2021), 109-118. <a rel=\"noreferrer noopener\" href=\"https:\/\/www.sciencedirect.com\/science\/article\/abs\/pii\/S0166218X21003358\" target=\"_blank\">(link)<\/a> <a href=\"https:\/\/cloud.pmf.uns.ac.rs\/s\/QSRKfrA9BbsaFa8\/download\" target=\"_blank\" rel=\"noreferrer noopener\">(pdf)<\/a><\/li>\n\n\n\n<li>S. Zahirovi\u0107, <em>Algebarska i kombinatorna svojstva grafova pridru\u017eenih stepeno-asocijativnim grupoidima [Algebraic and Combinatorial Properties of Graphs Associated to Power-Associative Groupoids]<\/em>, University of Novi Sad, doctoral dissertation (2020) [in Serbian] <a rel=\"noreferrer noopener\" href=\"https:\/\/www.cris.uns.ac.rs\/DownloadFileServlet\/Disertacija158996861148085.pdf?controlNumber=(BISIS)114438&amp;fileName=158996861148085.pdf&amp;id=15402&amp;searchingMode=basic(sort%20method%20-%20mixed)&amp;position=2&amp;recommendationScore=0.0&amp;relevanceScore=1.0&amp;mixedScore=0.5\" target=\"_blank\">(link)<\/a> <a rel=\"noreferrer noopener\" href=\"https:\/\/cloud.pmf.uns.ac.rs\/s\/Qf4iTsLAPXNbdmb\/download\" target=\"_blank\">(pdf)<\/a><\/li>\n\n\n\n<li>S. Zahirovi\u0107, I. Bo\u0161njak, R. Madar\u00e1sz, <em>A Study of Enhanced Power Graphs of Finite Groups<\/em>, Journal of Algebra and Its Applications 19 (2020), no. 4, 2050062 <a rel=\"noreferrer noopener\" href=\"https:\/\/www.worldscientific.com\/doi\/abs\/10.1142\/S0219498820500620\" target=\"_blank\">(link)<\/a> <a rel=\"noreferrer noopener\" href=\"https:\/\/cloud.pmf.uns.ac.rs\/s\/dawfA2RwwNNRnPa\/download\" target=\"_blank\">(pdf)<\/a><\/li>\n\n\n\n<li>N. Dragani\u0107, P. Markovi\u0107, V. Uljarevi\u0107, S. Zahirovi\u0107, <em>A characterization of idempotent strong Mal&#8217;cev conditions for congruence meet-semidistributivity in locally finite varieties<\/em>, Algebra Universalis 72 (2018), no. 3, article number 53 <a rel=\"noreferrer noopener\" href=\"https:\/\/link.springer.com\/article\/10.1007\/s00012-018-0533-9\" target=\"_blank\">(link)<\/a> <a rel=\"noreferrer noopener\" href=\"https:\/\/cloud.pmf.uns.ac.rs\/s\/CDgz7QRcNnmmQDM\/download\" target=\"_blank\">(pdf)<\/a><\/li>\n<\/ol>\n","protected":false},"excerpt":{"rendered":"<p>Born in 1989 in Novi Sad, Republic of Serbia Education Positions Held Publications<\/p>\n","protected":false},"author":51,"featured_media":0,"parent":0,"menu_order":0,"comment_status":"closed","ping_status":"closed","template":"","meta":{"_monsterinsights_skip_tracking":false,"_monsterinsights_sitenote_active":false,"_monsterinsights_sitenote_note":"","_monsterinsights_sitenote_category":0,"footnotes":""},"class_list":["post-1221","page","type-page","status-publish","hentry"],"_links":{"self":[{"href":"https:\/\/personal.pmf.uns.ac.rs\/samir.zahirovic\/wp-json\/wp\/v2\/pages\/1221","targetHints":{"allow":["GET"]}}],"collection":[{"href":"https:\/\/personal.pmf.uns.ac.rs\/samir.zahirovic\/wp-json\/wp\/v2\/pages"}],"about":[{"href":"https:\/\/personal.pmf.uns.ac.rs\/samir.zahirovic\/wp-json\/wp\/v2\/types\/page"}],"author":[{"embeddable":true,"href":"https:\/\/personal.pmf.uns.ac.rs\/samir.zahirovic\/wp-json\/wp\/v2\/users\/51"}],"replies":[{"embeddable":true,"href":"https:\/\/personal.pmf.uns.ac.rs\/samir.zahirovic\/wp-json\/wp\/v2\/comments?post=1221"}],"version-history":[{"count":68,"href":"https:\/\/personal.pmf.uns.ac.rs\/samir.zahirovic\/wp-json\/wp\/v2\/pages\/1221\/revisions"}],"predecessor-version":[{"id":2137,"href":"https:\/\/personal.pmf.uns.ac.rs\/samir.zahirovic\/wp-json\/wp\/v2\/pages\/1221\/revisions\/2137"}],"wp:attachment":[{"href":"https:\/\/personal.pmf.uns.ac.rs\/samir.zahirovic\/wp-json\/wp\/v2\/media?parent=1221"}],"curies":[{"name":"wp","href":"https:\/\/api.w.org\/{rel}","templated":true}]}}