{"id":16,"date":"2020-09-14T11:26:11","date_gmt":"2020-09-14T11:26:11","guid":{"rendered":"http:\/\/personal.pmf.uns.ac.rs\/rajter\/?page_id=16"},"modified":"2020-09-14T13:02:28","modified_gmt":"2020-09-14T13:02:28","slug":"stohasticka-analiza","status":"publish","type":"page","link":"https:\/\/personal.pmf.uns.ac.rs\/rajter\/nastava\/stohasticka-analiza\/","title":{"rendered":"Stohasti\u010dka analiza"},"content":{"rendered":"<p>Nastavnik: Danijela Rajter-\u0106iri\u0107<\/p>\n<p>Smerovi: MB, MA, M5<\/p>\n<p>Asistent: Sanja Ru\u017ei\u010di\u0107<\/p>\n<p>Fond \u010dasova: 4+2<\/p>\n<p>Kratak opis predmeta: Obavezan predmet na master akademskim studijama Primenjena matematika (MB) i izborni predmet na master akademskim studijama Matematika (MA) i integrisanim akademskim studijama Master profesor matematike (M5). Predmet se pola\u017ee po modelu B. Za vi\u0161e detalja pogledati <a href=\"https:\/\/www.pmf.uns.ac.rs\/wp-content\/uploads\/2018\/DMI\/MB\/MB03.pdf\">link<\/a><\/p>\n<p>Ostale informacije su dostupne na Moodle stranici <a href=\"https:\/\/moodle.pmf.uns.ac.rs\/course\/view.php?id=846\">link<\/a><\/p>\n","protected":false},"excerpt":{"rendered":"<p>Nastavnik: Danijela Rajter-\u0106iri\u0107 Smerovi: MB, MA, M5 Asistent: Sanja Ru\u017ei\u010di\u0107 Fond \u010dasova: 4+2 Kratak opis predmeta: Obavezan predmet na master akademskim studijama Primenjena matematika (MB) i izborni predmet na master akademskim studijama Matematika (MA) i integrisanim akademskim studijama Master profesor &hellip; <a href=\"https:\/\/personal.pmf.uns.ac.rs\/rajter\/nastava\/stohasticka-analiza\/\">Continue reading <span class=\"meta-nav\">&rarr;<\/span><\/a><\/p>\n","protected":false},"author":99,"featured_media":0,"parent":11,"menu_order":1,"comment_status":"closed","ping_status":"closed","template":"","meta":{"_monsterinsights_skip_tracking":false,"_monsterinsights_sitenote_active":false,"_monsterinsights_sitenote_note":"","_monsterinsights_sitenote_category":0,"footnotes":""},"class_list":["post-16","page","type-page","status-publish","hentry"],"_links":{"self":[{"href":"https:\/\/personal.pmf.uns.ac.rs\/rajter\/wp-json\/wp\/v2\/pages\/16","targetHints":{"allow":["GET"]}}],"collection":[{"href":"https:\/\/personal.pmf.uns.ac.rs\/rajter\/wp-json\/wp\/v2\/pages"}],"about":[{"href":"https:\/\/personal.pmf.uns.ac.rs\/rajter\/wp-json\/wp\/v2\/types\/page"}],"author":[{"embeddable":true,"href":"https:\/\/personal.pmf.uns.ac.rs\/rajter\/wp-json\/wp\/v2\/users\/99"}],"replies":[{"embeddable":true,"href":"https:\/\/personal.pmf.uns.ac.rs\/rajter\/wp-json\/wp\/v2\/comments?post=16"}],"version-history":[{"count":2,"href":"https:\/\/personal.pmf.uns.ac.rs\/rajter\/wp-json\/wp\/v2\/pages\/16\/revisions"}],"predecessor-version":[{"id":69,"href":"https:\/\/personal.pmf.uns.ac.rs\/rajter\/wp-json\/wp\/v2\/pages\/16\/revisions\/69"}],"up":[{"embeddable":true,"href":"https:\/\/personal.pmf.uns.ac.rs\/rajter\/wp-json\/wp\/v2\/pages\/11"}],"wp:attachment":[{"href":"https:\/\/personal.pmf.uns.ac.rs\/rajter\/wp-json\/wp\/v2\/media?parent=16"}],"curies":[{"name":"wp","href":"https:\/\/api.w.org\/{rel}","templated":true}]}}