{"id":197,"date":"2017-08-22T15:57:18","date_gmt":"2017-08-22T15:57:18","guid":{"rendered":"http:\/\/personal.pmf.uns.ac.rs\/nenad.grba\/?page_id=197"},"modified":"2020-06-09T15:23:58","modified_gmt":"2020-06-09T15:23:58","slug":"list-of-the-most-important-scientificscholarly-publications","status":"publish","type":"page","link":"https:\/\/personal.pmf.uns.ac.rs\/nenad.grba\/list-of-the-most-important-scientificscholarly-publications\/","title":{"rendered":"LIST OF THE MOST IMPORTANT SCIENTIFIC\/SCHOLARLY PUBLICATIONS"},"content":{"rendered":"<h4><strong>LIST OF THE MOST IMPORTANT SCIENTIFIC\/SCHOLARLY PUBLICATIONS<\/strong><\/h4>\n<h4><strong>a) Peer-reviewed publications <\/strong><\/h4>\n<p>Dejan Kr\u010dmar, <strong>Nenad Grba*<\/strong>, Marijana Kragulj Isakovski, Nata\u0161a Varga, Jelena Spasojevi\u0107, Jasmina Agbaba, Bo\u017eo Du\u0161an Dalmacija, 2020. Multicriteria to estimate the environmental risk of sediment from the Obedska Bog (Northern Serbia), a reservation area on UNESCO&#8217;s list . <em>International Journal of Sediment Research. <\/em><span style=\"color: #3366ff\">https:\/\/doi.org\/10.1016\/j.ijsrc.2020.03.013.<\/span><\/p>\n<p class=\"accordion-tabbed__tab-mobile  accordion__closed\"><span style=\"color: #000000\"><span style=\"color: #000000\">Aleksandra \u0160AJNOVI\u0106, <strong>Nenad GRBA*<\/strong>, Franz NEUBAUER, Milica KA\u0160ANIN\u2010GRUBIN, Ksenija STOJANOVI\u0106, Nenad PETKOVI\u0106, Branimir JOVAN\u010cI\u0106EVI\u0106, 2019. Geochemistry of sediments from the Lopare Basin (Bosnia and Herzegovina): Implications for paleoclimate, paleosalinity, paleoredox and provenance.\u00a0<\/span><\/span><span style=\"color: #000000\"><span style=\"color: #000000\">Acta Geologica Sinica &#8211; English Edition. <\/span><\/span><span style=\"color: #000000\"><span style=\"color: #000000\"><span style=\"color: #3366ff\">https:\/\/doi.org\/10.1111\/1755-6724.14324<\/span><br \/><\/span><\/span><a id=\"a7_Ctrl\" class=\"author-name accordion-tabbed__control\" style=\"color: #000000\" role=\"button\" href=\"https:\/\/onlinelibrary.wiley.com\/action\/doSearch?ContribAuthorStored=JOVAN%C4%8CI%C4%86EVI%C4%86%2C+Branimir\" data-id=\"a7\" data-db-target-for=\"a7\"><\/a><\/p>\n<p>Dunja, R., Kerkez, \u0110., Tomasevic, D., Dubovina, M., <strong>Grba, N.<\/strong>, Krcmar, D., Dalmacija, B.,\u00a0 2019. Long-term application of stabilization\/solidification technique on highly contaminated sediments with environment risk assessment, <strong><em>Science of the Total Environment<\/em><\/strong><em>, 684, 186-195, <\/em><a href=\"https:\/\/doi.org\/10.1016\/j.scitotenv.2019.05.351\">https:\/\/doi.org\/10.1016\/j.scitotenv.2019.05.351<\/a><\/p>\n<p>Dubovina, M., Kr\u010dmar, D., <span style=\"text-decoration: underline\"><strong>Grba, N.<\/strong><\/span>, Watson, M., Ra\u0111enovi\u0107, D., Toma\u0161evi\u0107-Pilipovi\u0107, D., Dalmacija, B.,\u00a02018. Distribution and ecological risk assessment of organic and inorganic pollutants in the\u00a0sediments of the transnational Begej canal (Serbia-Romania), Environmental Pollution, 773-784,\u00a0<a href=\"https:\/\/doi.org\/10.1016\/j.envpol.2018.02.014\">https:\/\/doi.org\/10.1016\/j.envpol.2018.02.014<\/a><\/p>\n<p><strong><u>Grba N.*<\/u><\/strong>, Kr\u010dmar D., Neubauer F., Ron\u010devi\u0107 S., Kragulj Isakovski M., Molnar Jazi\u0107 J., Dalmacija B., 2017. Geochemical monitoring of organic and inorganic pollutants in the sediment of the Eastern Posavina (Serbia). J Soils Sediments, 1\u201310, <a href=\"https:\/\/doi.org\/10.1007\/s11368-017-1659-7\">https:\/\/doi.org\/10.1007\/s11368-017-1659-7<\/a><\/p>\n<p><strong><u>Grba, N.<\/u><\/strong>, Kr\u010dmar, D., Maleti\u0107, S., Be\u010deli\u0107-Tomin, M., Grgi\u0107, M., Pucar, G., Dalmacija, B., 2017. Organic and inorganic priority substances in sediments of Luda\u0161 Lake, a cross-border natural resource on the Ramsar list. Environ. Sci. Pollut. Res. 24,1938\u20131952, <a href=\"https:\/\/doi.org\/10.1007\/s11356-016-7904-6\">https:\/\/doi.org\/10.1007\/s11356-016-7904-6<\/a><\/p>\n<p>Kr\u010dmar, D., Dubovina, M., <strong><u>Grba, N.<\/u><\/strong>, Pe\u0161i\u0107 V., Watson, M., Tri\u010dkovi\u0107, J., Dalmacija B, 2017. Distribution of organic and inorganic substances in the sediments of the \u201cGreat Ba\u010dka Canal\u201d, a European environmental hotspot. Science of The Total Environment, 601, 833-844, <a href=\"http:\/\/dx.doi.org\/10.1016\/j.scitotenv.2017.05.251\">http:\/\/dx.doi.org\/10.1016\/j.scitotenv.2017.05.251<\/a><\/p>\n<p>Kr\u010dmar, D., Tenodi, S., <strong><u>Grba, N.<\/u><\/strong>, Kerkez, Dj., Watson, M., Ron\u010devi\u0107, S., Dalmacija, B., 2017. Preremedial assessment of the municipal landfill pollution impact on soil and shallow groundwater in Subotica, Serbia, Science of The Total Environment.\u00a0<a href=\"https:\/\/doi.org\/10.1016\/j.scitotenv.2017.09.283\">doi: 10.1016\/j.scitotenv.2017.09.283<\/a><\/p>\n<p><strong><u>Grba, N.<\/u><\/strong>, Kr\u010dmar, D., Kragulj Isakovski, M., Molnar Jazi\u0107, J., Maleti\u0107, S., Pe\u0161i\u0107, V., Dalmacija, B., 2016. Priority substances in sediments of the \u201cCarska Bara\u201d special nature reserve, a natural scientific research area on the UNESCO list. J. Environ. Manag. 182, 149\u2013159, <a href=\"https:\/\/doi.org\/10.1016\/j.jenvman.2016.07.059\">https:\/\/doi.org\/10.1016\/j.jenvman.2016.07.059<\/a><\/p>\n<p><strong><u>Grba N<\/u><\/strong><u>.<\/u>, Neubauer F., \u0160ajnovi\u0107 A., Stojanovi\u0107 K., Jovan\u010di\u0107evi\u0107 B. , 2015. Heavy metals in Neogene sedimentary rocks as a potential geogenic hazard for sediment, soil, surface and groundwater contamination (eastern Posavina and Lopare Basin, Bosnia and Herzegovina). Journal of Serbian Chemical Society, 80, \u00a0827-838, <a href=\"https:\/\/doi.org\/10.2298\/JSC140317047G\">https:\/\/doi.org\/10.2298\/JSC140317047G<\/a><\/p>\n<p><strong><u>Grba N<\/u><\/strong>, \u0160ajnovi\u0107 A., Stojanovi\u0107 K., Simi\u0107 V., Jovan\u010di\u0107evi\u0107 B., Rogli\u0107 G., Eri\u0107 V. , 2014. Preservation of diagenetic products of \u03b2-carotene in sedimentary rocks from the Lopare Basin (Bosnia and Herzegovina). <em>Chemie der Erde \u2013 geochemistry<\/em>, 74, 107-123, <a href=\"https:\/\/doi.org\/10.1016\/j.chemer.2013.10.002\">https:\/\/doi.org\/10.1016\/j.chemer.2013.10.002<\/a><\/p>\n<p><strong>*Cooresponding author <\/strong><\/p>\n<h4><strong>b) Non-peer-reviewed publications\u00a0(conference proceedings)\u00a0<\/strong><\/h4>\n<p><strong><em>Invited speaker:<\/em><\/strong><\/p>\n<p><strong>Grba N.<\/strong>, \u0160ajnovi\u0107 A., Neubauer F., Grubin M. K., Kr\u010dmar D., Agbaba J., Jovan\u010di\u0107evi\u0107 B. (2018) Organic and inorganic geochemistry of Miocene sediments from the Lopare Basin (Bosnia and Herzegovina), <em>Book of Abstracts <\/em><em>XXI International Congress of the Carpathian Balkan Geological Association (CBGA) University of Salzburg (Austria)<\/em>, September 10\u201313, 2018, Salzburg, Austria, pp 103. ISBN: 978-954-90223-7-7<\/p>\n<p><strong>Grba N., Krcmar D., Neubauer F., Roncevic S., Kragulj Isakovski M., Molnar \u2013 Jazic J., Dalmacija B. Eastern Posavina as unique geologic and hydrogeologic system. European Geosciences Union General Assembly 2016, Vienna, Austria, 17\u201322 April, 2016, <a href=\"http:\/\/meetingorganizer.copernicus.org\/EGU2016\/EGU2016-489-4.pdf\">http:\/\/meetingorganizer.copernicus.org\/EGU2016\/EGU2016-489-4.pdf<\/a><\/strong><\/p>\n<p>Krcmar D., Trickovic J., <strong><u>Grba<\/u><\/strong><u> <strong>N.<\/strong><\/u>, Becelic \u2013 Tomin M., Pesic V., Varga N., Dalmacija B. The Assessment of Sediment Heavy Metal Pollution in Begej Canal (Serbia). European Geosciences Union General Assembly 2016, Vienna, Austria, 17\u201322 April, 2016, <a href=\"http:\/\/meetingorganizer.copernicus.org\/EGU2016\/EGU2016-499-1.pdf\">http:\/\/meetingorganizer.copernicus.org\/EGU2016\/EGU2016-499-1.pdf<\/a><\/p>\n<p><strong><u>Grba N.<\/u><\/strong>, Neubauer F., \u0160ajnovi\u0107 A., Jovan\u010di\u0107evi\u0107 B. Heterogeneous sources of marlstone in a piggy-back basin: the Neogene Lopare basin in Dinarides. European Geosciences Union General Assembly 2014, Vienna, Austria, 27 April \u2013 02 May, 2014, <a href=\"http:\/\/meetingorganizer.copernicus.org\/EGU2014\/EGU2014-10850.pdf\">http:\/\/meetingorganizer.copernicus.org\/EGU2014\/EGU2014-10850.pdf<\/a><\/p>\n<p><strong><u>Grba N<\/u><\/strong>., \u0160ajnovi\u0107 A., Stojanovi\u0107 K., Jovan\u010di\u0107evi\u0107 B. Organic-geochemical characteristics of sediments from the Lopare basin, Bosnia and Herzegovina. 25<sup>th<\/sup> International Meeting on Organic Geochemistry IMOG 011, Interlaken, Switzerland, 18 \u2013 23 September, 2011. The Book of Abstracts, 464, <a href=\"https:\/\/www.yumpu.com\/en\/document\/view\/10337709\/25th-international-meeting-on-organic-geochemistry-imog-2011\/464\">https:\/\/www.yumpu.com\/en\/document\/view\/10337709\/25th-international-meeting-on-organic-geochemistry-imog-2011\/464<\/a><\/p>\n<p>\u0160ajnovi\u0107 A., <strong><u>Grba N.<\/u><\/strong>, Stojanovi\u0107 K., Jovan\u010di\u0107evi\u0107 B., Doj\u010dinovi\u0107 B. Preservation of \u03b2-carotane in sediments from the Lopare basin, Bosnia and Herzegovina. 25<sup>th<\/sup> International Meeting on Organic Geochemistry IMOG 011, Interlaken, Switzerland, September 18 \u2013 23, 2011. The Book of Abstracts, 406, <a href=\"https:\/\/www.yumpu.com\/en\/document\/view\/10337709\/25th-international-meeting-on-organic-geochemistry-imog-2011\/406\">https:\/\/www.yumpu.com\/en\/document\/view\/10337709\/25th-international-meeting-on-organic-geochemistry-imog-2011\/406<\/a><\/p>\n<p>Vojinovi\u0107-Miloradov M., Turk M., Radoni\u0107 J., Pavlovi\u0107 A., <strong><u>Grba N.<\/u> <\/strong>Transport velocity of persistent organic pollutants through atmosphere. Proceedings of PSU-UNS International Conference: Engineering and Environment, Phuket, Thailand, 10-11, May, 2007, <a href=\"http:\/\/www3.eng.psu.ac.th\/pec\/5\/icee2007\/paper\/ICEE2007200.doc\">http:\/\/www3.eng.psu.ac.th\/pec\/5\/icee2007\/paper\/ICEE2007200.doc<\/a><\/p>\n\n\n<p><strong>Grba N., Slokolovi\u0107 S. Remediation of the polluted soil on the NIS-RNS Locality. Annals of the Faculty of engineering Unedoara 2006, Tome IV, Fascicole 3, (ISSN 1584 2673), <a href=\"http:\/\/annals.fih.upt.ro\/pdf-full\/2006\/ANNALS-2006-3-41.pdf\">http:\/\/annals.fih.upt.ro\/pdf-full\/2006\/ANNALS-2006-3-41.pdf<\/a><\/strong><\/p>\n","protected":false},"excerpt":{"rendered":"<p>LIST OF THE MOST IMPORTANT SCIENTIFIC\/SCHOLARLY PUBLICATIONS a) Peer-reviewed publications Dejan Kr\u010dmar, Nenad Grba*, Marijana Kragulj Isakovski, Nata\u0161a Varga, Jelena Spasojevi\u0107, Jasmina Agbaba, Bo\u017eo Du\u0161an Dalmacija, 2020. Multicriteria to estimate the environmental risk of sediment from the Obedska Bog (Northern &hellip;<\/p>\n<p class=\"read-more\"> <a class=\"more-link\" href=\"https:\/\/personal.pmf.uns.ac.rs\/nenad.grba\/list-of-the-most-important-scientificscholarly-publications\/\"> <span class=\"screen-reader-text\">LIST OF THE MOST IMPORTANT SCIENTIFIC\/SCHOLARLY PUBLICATIONS<\/span> Read More &raquo;<\/a><\/p>\n","protected":false},"author":84,"featured_media":0,"parent":0,"menu_order":0,"comment_status":"closed","ping_status":"closed","template":"","meta":{"_monsterinsights_skip_tracking":false,"_monsterinsights_sitenote_active":false,"_monsterinsights_sitenote_note":"","_monsterinsights_sitenote_category":0,"footnotes":""},"class_list":["post-197","page","type-page","status-publish","hentry"],"_links":{"self":[{"href":"https:\/\/personal.pmf.uns.ac.rs\/nenad.grba\/wp-json\/wp\/v2\/pages\/197","targetHints":{"allow":["GET"]}}],"collection":[{"href":"https:\/\/personal.pmf.uns.ac.rs\/nenad.grba\/wp-json\/wp\/v2\/pages"}],"about":[{"href":"https:\/\/personal.pmf.uns.ac.rs\/nenad.grba\/wp-json\/wp\/v2\/types\/page"}],"author":[{"embeddable":true,"href":"https:\/\/personal.pmf.uns.ac.rs\/nenad.grba\/wp-json\/wp\/v2\/users\/84"}],"replies":[{"embeddable":true,"href":"https:\/\/personal.pmf.uns.ac.rs\/nenad.grba\/wp-json\/wp\/v2\/comments?post=197"}],"version-history":[{"count":12,"href":"https:\/\/personal.pmf.uns.ac.rs\/nenad.grba\/wp-json\/wp\/v2\/pages\/197\/revisions"}],"predecessor-version":[{"id":496,"href":"https:\/\/personal.pmf.uns.ac.rs\/nenad.grba\/wp-json\/wp\/v2\/pages\/197\/revisions\/496"}],"wp:attachment":[{"href":"https:\/\/personal.pmf.uns.ac.rs\/nenad.grba\/wp-json\/wp\/v2\/media?parent=197"}],"curies":[{"name":"wp","href":"https:\/\/api.w.org\/{rel}","templated":true}]}}