{"id":1314,"date":"2018-02-12T14:00:21","date_gmt":"2018-02-12T13:00:21","guid":{"rendered":"https:\/\/personal.pmf.uns.ac.rs\/milica.zigic\/?page_id=1314"},"modified":"2026-03-09T11:59:32","modified_gmt":"2026-03-09T10:59:32","slug":"analiticka-geometrija","status":"publish","type":"page","link":"https:\/\/personal.pmf.uns.ac.rs\/milica.zigic\/teaching\/analiticka-geometrija\/","title":{"rendered":"\u0410\u043d\u0430\u043b\u0438\u0442\u0438\u0447\u043a\u0430 \u0433\u0435\u043e\u043c\u0435\u0442\u0440\u0438\u0458\u0430"},"content":{"rendered":"\n<h2 class=\"wp-block-heading\">\u0417\u0438\u043c\u0441\u043a\u0438 \u0441\u0435\u043c\u0435\u0441\u0442\u0430\u0440 2025\/26.<\/h2>\n\n\n\n<table id=\"tablepress-1\" class=\"tablepress tablepress-id-1\">\n<thead>\n<tr class=\"row-1\">\n\t<th class=\"column-1\">\u0448\u0438\u0444\u0440\u0430<\/th><th class=\"column-2\">\u0444\u043e\u043d\u0434<\/th><th class=\"column-3\">\u043c\u043e\u0434\u0435\u043b \u043f\u043e\u043b\u0430\u0433\u0430\u045a\u0430<\/th><th class=\"column-4\">\u0415\u0421\u041f\u0411<\/th>\n<\/tr>\n<\/thead>\n<tbody class=\"row-striping row-hover\">\n<tr class=\"row-2\">\n\t<td class=\"column-1\"><a href=\"\/\/www.pmf.uns.ac.rs\/wp-content\/uploads\/2024\/DMI\/OAS-M3\/22.M104.pdf\" rel=\"noopener\" target=\"_blank\">22.M104<\/a> (\u043a\u0440\u0430\u0442\u0430\u043a \u043e\u043f\u0438\u0441) <\/td><td class=\"column-2\">2+2<\/td><td class=\"column-3\">A<\/td><td class=\"column-4\">5<\/td>\n<\/tr>\n<\/tbody>\n<\/table>\n<!-- #tablepress-1 from cache -->\n\n\n\n<h2 class=\"wp-block-heading\">Moodle \u0441\u0442\u0440\u0430\u043d\u0438\u0446\u0430<\/h2>\n\n\n<p>\u041d\u0430 \u043f\u043b\u0430\u0442\u0444\u043e\u0440\u043c\u0438 Moodle \u043f\u0440\u0435\u0434\u043c\u0435\u0442 <strong>\u0410\u043d\u0430\u043b\u0438\u0442\u0438\u0447\u043a\u0430 \u0433\u0435\u043e\u043c\u0435\u0442\u0440\u0438\u0458\u0430 (\u041c)<\/strong> \u0441\u0435 \u043d\u0430\u043b\u0430\u0437\u0438 \u043d\u0430 \u0430\u0434\u0440\u0435\u0441\u0438 &#8212;&gt; <a href=\"https:\/\/moodle.pmf.uns.ac.rs\/course\/view.php?id=954\" target=\"_blank\" rel=\"noopener noreferrer\">\u043b\u0438\u043d\u043a<\/a><\/p>\n<p>\u0430 <strong>\u0448\u0438\u0444\u0440\u0430<\/strong> \u0437\u0430 \u043f\u0440\u0438\u0441\u0442\u0443\u043f \u0458\u0435 &#8212;&gt; <strong>Dekart<\/strong><\/p>\n\n\n<h2 class=\"wp-block-heading\">\u041d\u0430\u043f\u043e\u043c\u0435\u043d\u0435<\/h2>\n\n\n\n<ol class=\"wp-block-list\">\n<li>\u041a\u0443\u0440\u0441 <strong>\u0410\u043d\u0430\u043b\u0438\u0442\u0438\u0447\u043a\u0430 \u0433\u0435\u043e\u043c\u0435\u0442\u0440\u0438\u0458\u0430<\/strong> (\u0437\u0438\u043c\u0441\u043a\u0438 \u0441\u0435\u043c\u0435\u0441\u0442\u0430\u0440, \u0444\u043e\u043d\u0434 2+2) \u0443 \u0448\u043a\u043e\u043b\u0441\u043a\u043e\u0458 2025\/26. \u0433\u043e\u0434\u0438\u043d\u0438 \u0458\u0435<strong>&nbsp;\u0432\u0430\u0436\u0435\u045b\u0438 \u0437\u0430 \u0441\u0442\u0443\u0434\u0435\u043d\u0442\u0435 \u043d\u0430 \u0441\u0432\u0438\u043c \u043c\u0430\u0442\u0435\u043c\u0430\u0442\u0438\u0447\u043a\u0438\u043c \u0438 \u0434\u0432\u043e\u043f\u0440\u0435\u0434\u043c\u0435\u0442\u043d\u0438\u043c \u0441\u043c\u0435\u0440\u043e\u0432\u0438\u043c\u0430<\/strong>, \u0438 \u0441\u0432\u0438\u043c \u043f\u043b\u0430\u043d\u043e\u0432\u0438\u043c\u0430 \u0438 \u043f\u0440\u043e\u0433\u0440\u0430\u043c\u0438\u043c\u0430 \u043a\u043e\u0458\u0438 \u0442\u0440\u0435\u043d\u0443\u0442\u043d\u043e \u0432\u0430\u0436\u0435.<strong id=\"yui_3_17_2_1_1669055883159_2107\"><\/strong><\/li>\n\n\n\n<li><strong>\u041f\u0440\u0435\u0434\u0430\u0432\u0430\u045a\u0430 \u043f\u043e\u0447\u0438\u045a\u0443<\/strong> \u043e\u0434 \u043f\u0435\u0442\u043a\u0430, 7. \u043e\u043a\u0442\u043e\u0431\u0440\u0430 2025. \u0433\u043e\u0434\u0438\u043d\u0435, \u0443 \u0442\u0440\u0435\u043c\u0438\u043d\u0443 \u0432\u0435\u0436\u0431\u0438, \u043e\u0434 11 \u0434\u043e 13 \u0447\u0430\u0441\u043e\u0432\u0430 \u0443 \u0441\u0430\u043b\u0438 61, \u0430 \u043d\u0430\u043a\u043e\u043d \u0442\u043e\u0433\u0430 \u0443 \u0442\u0435\u0440\u043c\u0438\u043d\u0443 \u043f\u0440\u0435\u0434\u0430\u0432\u0430\u045a\u0430 \u043f\u0440\u0435\u043c\u0430 \u0432\u0430\u0436\u0435\u045b\u0435\u043c \u0440\u0430\u0441\u043f\u043e\u0440\u0435\u0434\u0443<\/li>\n\n\n\n<li><strong>\u0412\u0435\u0436\u0431\u0435 \u043f\u043e\u0447\u0438\u045a\u0443<\/strong> \u043e\u0434 \u043f\u0435\u0442\u043a\u0430, 21. \u043d\u043e\u0432\u0435\u043c\u0431\u0440\u0430 2025. \u043f\u0440\u0435\u043c\u0430 \u0440\u0430\u0441\u043f\u043e\u0440\u0435\u0434\u0443<\/li>\n<\/ol>\n\n\n\n<h2 class=\"wp-block-heading\">\u041f\u0440\u0435\u0434\u0430\u0432\u0430\u0447\u0438 \u0438 \u0442\u0435\u0440\u043c\u0438\u043d\u0438<\/h2>\n\n\n\n<div class=\"wp-block-group\"><div class=\"wp-block-group__inner-container is-layout-constrained wp-block-group-is-layout-constrained\">\n<p><strong>\u041f\u0440\u043e\u0444\u0435\u0441\u043e\u0440:<\/strong> \u041c\u0438\u043b\u0438\u0446\u0430 \u0416\u0438\u0433\u0438\u045b &#8212; <a href=\"mailto:milica.zigic@dmi.uns.ac.rs\">email \u0430\u0434\u0440\u0435\u0441\u0430<br><\/a><strong>\u0410\u0441\u0438\u0441\u0442\u0435\u043d\u0442:<\/strong>&nbsp;\u0410\u043b\u0435\u043a\u0441\u0430 \u041c\u0438\u043b\u043e\u0432\u0430\u043d\u043e\u0432\u0438\u045b &#8212; <a href=\"mailto:aleksa.milovanovic@dmi.uns.ac.rs\" target=\"_blank\" rel=\"noreferrer noopener\">email \u0430\u0434\u0440\u0435\u0441\u0430<\/a><\/p>\n\n\n\n<p><strong>\u0422\u0435\u0440\u043c\u0438\u043d \u043f\u0440\u0435\u0434\u0430\u0432\u0430\u045a\u0430 (\u0441\u0432\u0438 \u0441\u043c\u0435\u0440\u043e\u0432\u0438 M3, \u041c4 \u0438 \u041c\u0410\u041f): <\/strong>\u043f\u043e\u043d\u0435\u0434\u0435\u0459\u0430\u043a \u043e\u0434 13 \u0434\u043e 15 \u0447\u0430\u0441\u043e\u0432\u0430 \u0443 \u0443\u0447\u0438\u043e\u043d\u0438\u0446\u0438 60<strong><br>\u0422\u0435\u0440\u043c\u0438\u043d \u0432\u0435\u0436\u0431\u0438 (\u0441\u0432\u0438 \u0441\u043c\u0435\u0440\u043e\u0432\u0438 M3, \u041c4 \u0438 \u041c\u0410\u041f): <\/strong>\u043f\u0435\u0442\u0430\u043a \u043e\u0434 11 \u0434\u043e 13 \u0447\u0430\u0441\u043e\u0432\u0430 \u0443 \u0443\u0447\u0438\u043e\u043d\u0438\u0446\u0438 61<\/p>\n<\/div><\/div>\n\n\n\n<h2 class=\"wp-block-heading\">\u0421\u0430\u0434\u0440\u0436\u0430\u0458 \u043a\u0443\u0440\u0441\u0430<\/h2>\n\n\n<p>\u0432\u0438\u0434\u0435\u0442\u0438 <a href=\"https:\/\/personal.pmf.uns.ac.rs\/milica.zigic\/wp-content\/uploads\/sites\/8\/2022\/06\/AG-pitanja-za-usmeni.pdf\" target=\"_blank\" rel=\"noopener noreferrer\">\u0438\u0441\u043f\u0438\u0442\u043d\u0430 \u043f\u0438\u0442\u0430\u045a\u0430<\/a><\/p>\n<ol>\n<li><span style=\"color: #666666;font-family: Poppins, sans-serif;font-size: 14px\"><strong>\u0423\u0432\u043e\u0434\u043d\u0438 \u043f\u043e\u0458\u043c\u043e\u0432\u0438<\/strong> &#8211; \u0433\u0435\u043e\u043c\u0435\u0442\u0440\u0438\u0458\u0441\u043a\u0438 \u043f\u043e\u0458\u043c\u043e\u0432\u0438 \u043a\u0430\u043e \u0440\u0435\u0448\u0435\u045a\u0430 \u0430\u043b\u0433\u0435\u0431\u0430\u0440\u0441\u043a\u0438\u0445 \u0438 \u0430\u043d\u0430\u043b\u0438\u0442\u0438\u0447\u043a\u0438\u0445 \u0458\u0435\u0434\u043d\u0430\u0447\u0438\u043d\u0430 \u0438 \u043d\u0435\u0458\u0435\u0434\u043d\u0430\u0447\u0438\u043d\u0430; \u043f\u0440\u0430\u0432\u043e\u0443\u0433\u043b\u0438 \u043a\u043e\u043e\u0440\u0434\u0438\u043d\u0430\u0442\u043d\u0438 \u0441\u0438\u0441\u0442\u0435\u043c; \u0440\u0430\u0441\u0442\u043e\u0458\u0430\u045a\u0435 \u0442\u0430\u0447\u0430\u043a\u0430; \u0441\u0444\u0435\u0440\u0430<\/span><\/li>\n<li><span style=\"color: #666666;font-family: Poppins, sans-serif;font-size: 14px\"><strong>\u0410\u043d\u0430\u043b\u0438\u0442\u0438\u0447\u043a\u0430 \u0433\u0435\u043e\u043c\u0435\u0442\u0440\u0438\u0458\u0430 \u0443 \u0440\u0430\u0432\u043d\u0438<\/strong> &#8211; \u0458\u0435\u0434\u043d\u0430\u0447\u0438\u043d\u0430 \u043f\u0440\u0430\u0432\u0435; \u043a\u043e\u043d\u0443\u0441\u043d\u0438 \u043f\u0440\u0435\u0441\u0435\u0446\u0438; \u0435\u043a\u0441\u0446\u0435\u043d\u0442\u0440\u0438\u0446\u0438\u0442\u0435\u0442; \u043a\u043e\u043d\u0443\u0441\u043d\u0438 \u043f\u0440\u0435\u0441\u0435\u0446\u0438 \u043a\u0430\u043e \u043a\u0432\u0430\u0434\u0440\u0430\u0442\u043d\u0435 \u043a\u0440\u0438\u0432\u0435; \u043f\u0430\u0440\u0430\u043c\u0435\u0442\u0440\u0438\u0437\u0430\u0446\u0438\u0458\u0430 \u043a\u0440\u0438\u0432\u0438\u0445 \u0443 \u0440\u0430\u0432\u043d\u0438; \u043f\u043e\u043b\u0430\u0440\u043d\u0438 \u043a\u043e\u043e\u0440\u0434\u0438\u043d\u0430\u0442\u043d\u0438 \u0441\u0438\u0441\u0442\u0435\u043c; \u0442\u0440\u0430\u043d\u0441\u043b\u0430\u0446\u0438\u0458\u0430 \u0438 \u0440\u043e\u0442\u0430\u0446\u0438\u0458\u0430 \u0443 \u0440\u0430\u0432\u043d\u0438<\/span><\/li>\n<li><span style=\"color: #666666;font-family: Poppins, sans-serif;font-size: 14px\"><strong>\u0410\u043d\u0430\u043b\u0438\u0442\u0438\u0447\u043a\u0430 \u0433\u0435\u043e\u043c\u0435\u0442\u0440\u0438\u0458\u0430 \u0443 \u043f\u0440\u043e\u0441\u0442\u043e\u0440\u0443<\/strong> &#8211; \u0430\u043b\u0433\u0435\u0431\u0440\u0430 \u0432\u0435\u043a\u0442\u043e\u0440\u0430; \u0441\u043a\u0430\u043b\u0430\u0440\u043d\u0438, \u0432\u0435\u043a\u0442\u043e\u0440\u0441\u043a\u0438 \u0438 \u043c\u0435\u0448\u043e\u0432\u0438\u0442\u0438 \u043f\u0440\u043e\u0438\u0437\u0432\u043e\u0434 \u0432\u0435\u043a\u0442\u043e\u0440\u0430; \u0458\u0435\u0434\u043d\u0430\u0447\u0438\u043d\u0430 \u043f\u0440\u0430\u0432\u0435 \u0443 \u043f\u0440\u043e\u0441\u0442\u043e\u0440\u0443; \u0458\u0435\u0434\u043d\u0430\u0447\u0438\u043d\u0430 \u0440\u0430\u0432\u043d\u0438; \u0446\u0438\u043b\u0438\u043d\u0434\u0440\u0438; \u043a\u0432\u0430\u0434\u0440\u0430\u0442\u043d\u0435 \u043f\u043e\u0432\u0440\u0448\u0438; \u0440\u043e\u0442\u0430\u0446\u0438\u043e\u043d\u0435 \u043f\u043e\u0432\u0440\u0448\u0438; \u0446\u0438\u043b\u0438\u043d\u0434\u0440\u0438\u0447\u043d\u0438 \u0438 \u0441\u0444\u0435\u0440\u043d\u0438 \u043a\u043e\u043e\u0440\u0434\u0438\u043d\u0430\u0442\u043d\u0438 \u0441\u0438\u0441\u0442\u0435\u043c<\/span><\/li>\n<\/ol>\n\n\n<h2 class=\"wp-block-heading\">\u041b\u0438\u0442\u0435\u0440\u0430\u0442\u0443\u0440\u0430<\/h2>\n\n\n<ol>\n<li>D. Ma\u0161ulovi\u0107: Analiti\u010dka geometrija za informati\u010dare. PMF, Novi Sad, 2019. <a href=\"https:\/\/personal.pmf.uns.ac.rs\/milica.zigic\/wp-content\/uploads\/sites\/8\/2022\/04\/DMasulovic-AnalitickaGeomZaInf-A4.pdf\" target=\"_blank\" rel=\"noopener\">PDF<\/a> (\u0430\u043a\u043e \u0441\u0435 \u0434\u043e\u043a\u0443\u043c\u0435\u043d\u0442 \u043d\u0435 \u043e\u0442\u0432\u0430\u0440\u0430 \u043f\u0440\u0430\u0432\u0438\u043b\u043d\u043e, \u043c\u043e\u0436\u0435\u0442\u0435 \u0433\u0430 \u043a\u043e\u043f\u0438\u0440\u0430\u0442\u0438 \u043d\u0430 \u0441\u0432\u043e\u0458 \u0440\u0430\u0447\u0443\u043d\u0430\u0440 \u0438 \u0437\u0430\u0442\u0438\u043c \u043a\u043e\u0440\u0438\u0441\u0442\u0438\u0442\u0438)<\/li>\n<li>Z. Stojakovi\u0107, D. Herceg: Linearna algebra i analiti\u010dka geometrija. PMF, Novi Sad, 1992.<\/li>\n<li>N. Bla\u017ei\u0107, N. Bokan, Z. Lu\u010di\u0107, Z. Raki\u0107: Analiti\u010dka geometrija. Matemati\u010dki fakultet, Beograd, 2003.<\/li>\n<li>D. Joji\u0107, Dj. Pauni\u0107: Analiti\u010dka geometrija. PMF, Banja Luka, 2016.<\/li>\n<li>G. Thomas, R. Finney: Calculus and Analytic Geometry. 9th edition, Addison&#8211;Wesley, Reading, 1996.<\/li>\n<li>I. M. Gelfand, E. G. Glagoleva, A. A. Kirillov: The Method of Coordinates. Birkh\u00e4user, Boston, 1990.<\/li>\n<li>C.B. Boyer: History of Analytic Geometry. New York, Yeshiva University, 1956.<\/li>\n<\/ol>\n\n\n<h2 class=\"wp-block-heading\">\u041d\u0430\u0447\u0438\u043d \u043f\u043e\u043b\u0430\u0433\u0430\u045a\u0430 \u0438\u0441\u043f\u0438\u0442\u0430<\/h2>\n\n\n<ul>\n<li><strong>\u043f\u0440\u0435\u0434\u0438\u0441\u043f\u0438\u0442\u043d\u0435 \u043e\u0431\u0430\u0432\u0435\u0437\u0435<\/strong> \u0441\u0435 \u0441\u0430\u0441\u0442\u043e\u0458\u0435 \u0438\u0437 \u0434\u0432\u0430 \u043a\u043e\u043b\u043e\u043a\u0432\u0438\u0458\u0443\u043c\u0430\n<ul>\n<li>\u043f\u0440\u0432\u0438 \u043a\u043e\u043b\u043e\u043a\u0432\u0438\u0458\u0443\u043c (\u043f\u043e\u0447\u0435\u0442\u0430\u043a \u0434\u0435\u0446\u0435\u043c\u0431\u0440\u0430) \u043e\u0431\u0443\u0445\u0432\u0430\u0442\u0430 \u0433\u0440\u0430\u0434\u0438\u0432\u043e \u0430\u043d\u0430\u043b\u0438\u0442\u0438\u0447\u043a\u0435 \u0433\u0435\u043e\u043c\u0435\u0442\u0440\u0438\u0458\u0435 \u0443 \u0440\u0430\u0432\u043d\u0438;<\/li>\n<li>\u0434\u0440\u0443\u0433\u0438 \u043a\u043e\u043b\u043e\u043a\u0432\u0438\u0458\u0443\u043c (\u0441\u0440\u0435\u0434\u0438\u043d\u0430 \u0458\u0430\u043d\u0443\u0430\u0440\u0430) \u043e\u0431\u0443\u0445\u0432\u0430\u0442\u0430 \u0433\u0440\u0430\u0434\u0438\u0432\u043e \u0430\u043d\u0430\u043b\u0438\u0442\u0438\u0447\u043a\u0435 \u0433\u0435\u043e\u043c\u0435\u0442\u0440\u0438\u0458\u0435 \u0443 \u043f\u0440\u043e\u0441\u0442\u043e\u0440\u0443;<\/li>\n<li>\u0441\u0432\u0430\u043a\u0438 \u043a\u043e\u043b\u043e\u043a\u0432\u0438\u0458\u0443\u043c \u043d\u043e\u0441\u0438 \u043f\u043e 50 \u0431\u043e\u0434\u043e\u0432\u0430 \u0438 \u0440\u0430\u0447\u0443\u043d\u0430 \u0441\u0435 \u0434\u0430 \u0458\u0435 \u0441\u0442\u0443\u0434\u0435\u043d\u0442 \u043f\u043e\u043b\u043e\u0436\u0438\u043e \u043a\u043e\u043b\u043e\u043a\u0432\u0438\u0458\u0443\u043c \u0430\u043a\u043e \u0438\u043c\u0430 \u0431\u0430\u0440 20 \u0431\u043e\u0434\u043e\u0432\u0430;<\/li>\n<li>\u043f\u0440\u0435\u0434\u0438\u0441\u043f\u0438\u0442\u043d\u0435 \u043e\u0431\u0430\u0432\u0435\u0437\u0435 \u0441\u0443 \u0438\u0441\u043f\u0443\u045a\u0435\u043d\u0435 \u043a\u0430\u0434\u0430 \u0441\u0442\u0443\u0434\u0435\u043d\u0442 \u043f\u043e\u043b\u043e\u0436\u0438 \u043e\u0431\u0430 \u043a\u043e\u043b\u043e\u043a\u0432\u0438\u0458\u0443\u043c\u0430 \u0438 \u0443\u043a\u0443\u043f\u043d\u043e \u0438\u043c\u0430 \u0431\u0430\u0440 50 \u0431\u043e\u0434\u043e\u0432\u0430;<\/li>\n<li>\u043a\u043e\u043b\u043e\u043a\u0432\u0438\u0458\u0443\u043c\u0438 \u0441\u0435 \u043f\u043e\u0458\u0435\u0434\u0438\u043d\u0430\u0447\u043d\u043e \u043c\u043e\u0433\u0443 \u043f\u043e\u043f\u0440\u0430\u0432\u0438\u0442\u0438 \u0443 \u0458\u0430\u043d\u0443\u0430\u0440\u0441\u043a\u043e\u043c \u0438\u0441\u043f\u0438\u0442\u043d\u043e\u043c \u0440\u043e\u043a\u0443, \u0434\u043e\u043a \u0443 \u0430\u043f\u0440\u0438\u043b\u0443 \u0438 \u0441\u0435\u043f\u0442\u0435\u043c\u0431\u0440\u0443 \u043e\u0440\u0433\u0430\u043d\u0438\u0437\u0443\u0458\u0435\u043c\u043e \u0441\u0430\u043c\u043e \u0458\u0435\u0434\u0430\u043d \u0437\u0430\u0458\u0435\u0434\u043d\u0438\u0447\u043a\u0438 \u043f\u0438\u0441\u043c\u0435\u043d\u0438 \u0438\u0441\u043f\u0438\u0442<\/li>\n<\/ul>\n<\/li>\n<li><strong>(\u0443\u0441\u043c\u0435\u043d\u0438) \u0438\u0441\u043f\u0438\u0442<\/strong> \u0441\u0435 \u043f\u043e\u043b\u0430\u0436\u0435 \u043d\u0430\u043a\u043e\u043d \u0438\u0441\u043f\u0443\u045a\u0435\u043d\u0438\u0445 \u043f\u0440\u0435\u0434\u0438\u0441\u043f\u0438\u0442\u043d\u0438\u0445 \u043e\u0431\u0430\u0432\u0435\u0437\u0430 \u0443 \u0441\u0432\u0430\u043a\u043e\u043c \u043e\u0434 \u043f\u0440\u0435\u0434\u0432\u0438\u0452\u0435\u043d\u0438\u0445 \u0438\u0441\u043f\u0438\u0442\u043d\u0438\u0445 \u0440\u043e\u043a\u043e\u0432\u0430<\/li>\n<li><strong>\u043a\u043e\u043d\u0430\u0447\u043d\u0430 \u043e\u0446\u0435\u043d\u0430<\/strong> \u0441\u0435 \u0434\u043e\u0431\u0438\u0458\u0430 \u043a\u0430\u043e \u0430\u0440\u0438\u0442\u043c\u0435\u0442\u0438\u0447\u043a\u0430 \u0441\u0440\u0435\u0434\u0438\u043d\u0430 \u043e\u0446\u0435\u043d\u0435 \u043d\u0430 \u043f\u0438\u0441\u043c\u0435\u043d\u043e\u043c (\u043a\u043e\u043b\u043e\u043a\u0432\u0438\u0458\u0443\u043c\u0438) \u0438 \u0443\u0441\u043c\u0435\u043d\u043e\u043c \u0434\u0435\u043b\u0443 \u0438\u0441\u043f\u0438\u0442\u0430<\/li>\n<\/ul>\n\n\n<h2 class=\"wp-block-heading\">\u041c\u0430\u0442\u0435\u0440\u0438\u0458\u0430\u043b \u0437\u0430 \u043f\u0440\u0438\u043f\u0440\u0435\u043c\u0443 \u0438\u0441\u043f\u0438\u0442\u0430<\/h2>\n\n\n<ul>\n<li>\u041a\u043e\u043c\u043f\u043b\u0435\u0442\u0430\u043d \u0441\u0430\u0434\u0440\u0436\u0430\u0458 \u0441\u0435 \u043d\u0430\u043b\u0430\u0437\u0438 \u043d\u0430 \u043f\u043b\u0430\u0442\u0444\u043e\u0440\u043c\u0438 Moodle. \u0420\u0430\u0434\u0438 \u0438\u043d\u0444\u043e\u0440\u043c\u0430\u0446\u0438\u0458\u0435, \u043e\u0441\u043d\u043e\u0432\u043d\u0438 \u0441\u0430\u0434\u0440\u0436\u0430\u0458\u0438 \u0441\u0443 \u0443 \u043d\u0430\u0441\u0442\u0430\u0432\u043a\u0443:<\/li>\n<li>\u041a\u041e\u041b\u041e\u041a\u0412\u0418\u0408\u0423\u041c\u0418<br \/><a href=\"https:\/\/personal.pmf.uns.ac.rs\/milica.zigic\/wp-content\/uploads\/sites\/8\/2024\/10\/Analiticka_geometrija_vezbe-2024-25.pdf\" target=\"_blank\" rel=\"noopener noreferrer\">\u0437\u0430\u0434\u0430\u0446\u0438 \u0437\u0430 \u0432\u0435\u0436\u0431\u0443<\/a> (\u0443\u0432\u0440\u0448\u0442\u0435\u043d\u0438 \u0441\u0443 \u0438 \u0441\u0432\u0438 \u0437\u0430\u0434\u0430\u0446\u0438 \u043a\u043e\u0458\u0438 \u0441\u0443 \u0434\u043e \u0441\u0430\u0434 \u0431\u0438\u043b\u0438 \u043d\u0430 \u043a\u043e\u043b\u043e\u043a\u0432\u0438\u0458\u0443\u043c\u0438\u043c\u0430)<\/li>\n<li>\u0423\u0421\u041c\u0415\u041d\u0418 \u0414\u0415\u041e \u0418\u0421\u041f\u0418\u0422\u0410<br \/><a href=\"https:\/\/personal.pmf.uns.ac.rs\/milica.zigic\/wp-content\/uploads\/sites\/8\/2022\/06\/AG-pitanja-za-usmeni.pdf\" target=\"_blank\" rel=\"noopener noreferrer\">\u0438\u0441\u043f\u0438\u0442\u043d\u0430 \u043f\u0438\u0442\u0430\u045a\u0430<\/a> <br \/><em>\u043f\u0440\u0435\u0434\u0430\u0432\u0430\u045a\u0430 \u043f\u0440\u0438\u043b\u0430\u0433\u043e\u0452\u0435\u043d\u0430 \u0437\u0430 \u0448\u0442\u0430\u043c\u043f\u0430\u045a\u0435:<\/em><br \/>\u043f\u0440\u0432\u0438 \u043a\u043e\u043b\u043e\u043a\u0432\u0438\u0458\u0443\u043c: <a href=\"https:\/\/personal.pmf.uns.ac.rs\/milica.zigic\/wp-content\/uploads\/sites\/8\/2022\/06\/AG-1-predavanje-stampa.pdf\" target=\"_blank\" rel=\"noopener noreferrer\">\u0448\u0442\u0430\u043c\u043f\u0430 \u041f1<\/a> <a href=\"https:\/\/personal.pmf.uns.ac.rs\/milica.zigic\/wp-content\/uploads\/sites\/8\/2022\/10\/AG-2-predavanje-stampa.pdf\" target=\"_blank\" rel=\"noopener noreferrer\">\u0448\u0442\u0430\u043c\u043f\u0430 \u041f2<\/a> <a href=\"https:\/\/personal.pmf.uns.ac.rs\/milica.zigic\/wp-content\/uploads\/sites\/8\/2022\/06\/AG-3-predavanje-stampa.pdf\" target=\"_blank\" rel=\"noopener noreferrer\">\u0448\u0442\u0430\u043c\u043f\u0430 \u041f3<\/a> <a href=\"https:\/\/personal.pmf.uns.ac.rs\/milica.zigic\/wp-content\/uploads\/sites\/8\/2022\/10\/AG-4-predavanje-stampa.pdf\" target=\"_blank\" rel=\"noopener noreferrer\">\u0448\u0442\u0430\u043c\u043f\u0430 \u041f4<\/a> <a href=\"https:\/\/personal.pmf.uns.ac.rs\/milica.zigic\/wp-content\/uploads\/sites\/8\/2022\/11\/AG-5-predavanje-stampa.pdf\" target=\"_blank\" rel=\"noopener noreferrer\">\u0448\u0442\u0430\u043c\u043f\u0430 \u041f5<\/a> <a href=\"https:\/\/personal.pmf.uns.ac.rs\/milica.zigic\/wp-content\/uploads\/sites\/8\/2022\/11\/AG-6-predavanje-stampa.pdf\" target=\"_blank\" rel=\"noopener noreferrer\">\u0448\u0442\u0430\u043c\u043f\u0430 \u041f6<\/a><br \/>\u0434\u0440\u0443\u0433\u0438 \u043a\u043e\u043b\u043e\u043a\u0432\u0438\u0458\u0443\u043c: <a href=\"https:\/\/personal.pmf.uns.ac.rs\/milica.zigic\/wp-content\/uploads\/sites\/8\/2022\/11\/AG-7-predavanje-stampa.pdf\" target=\"_blank\" rel=\"noopener noreferrer\">\u0448\u0442\u0430\u043c\u043f\u0430 \u041f7<\/a> <a href=\"https:\/\/personal.pmf.uns.ac.rs\/milica.zigic\/wp-content\/uploads\/sites\/8\/2022\/06\/AG-8-predavanje-stampa.pdf\" target=\"_blank\" rel=\"noopener noreferrer\">\u0448\u0442\u0430\u043c\u043f\u0430 \u041f8<\/a> <a href=\"https:\/\/personal.pmf.uns.ac.rs\/milica.zigic\/wp-content\/uploads\/sites\/8\/2022\/12\/AG-9-predavanje-stampa.pdf\" target=\"_blank\" rel=\"noopener noreferrer\">\u0448\u0442\u0430\u043c\u043f\u0430 \u041f9<\/a> <a href=\"https:\/\/personal.pmf.uns.ac.rs\/milica.zigic\/wp-content\/uploads\/sites\/8\/2022\/12\/AG-10-predavanj-stampa.pdf\" target=\"_blank\" rel=\"noopener noreferrer\">\u0448\u0442\u0430\u043c\u043f\u0430 \u041f10<\/a> <a href=\"https:\/\/personal.pmf.uns.ac.rs\/milica.zigic\/wp-content\/uploads\/sites\/8\/2022\/12\/AG-11-predavanje-stampa.pdf\" target=\"_blank\" rel=\"noopener noreferrer\">\u0448\u0442\u0430\u043c\u043f\u0430 \u041f11<\/a> <a href=\"https:\/\/personal.pmf.uns.ac.rs\/milica.zigic\/wp-content\/uploads\/sites\/8\/2022\/12\/AG-12-predavanje-stampa.pdf\" target=\"_blank\" rel=\"noopener noreferrer\">\u0448\u0442\u0430\u043c\u043f\u0430 \u041f12<\/a><\/li>\n<\/ul>\n\n\n<h2 class=\"wp-block-heading\">\u0422\u0435\u0440\u043c\u0438\u043d\u0438 \u043a\u043e\u043b\u043e\u043a\u0432\u0438\u0458\u0443\u043c\u0430<\/h2>\n\n\n<p><strong>\u043f\u0440\u0432\u0438 \u043a\u043e\u043b\u043e\u043a\u0432\u0438\u0458\u0443\u043c<\/strong>: \u0441\u0443\u0431\u043e\u0442\u0430, 31. \u0458\u0430\u043d\u0443\u0430\u0440 2026. \u0433\u043e\u0434\u0438\u043d\u0435 \u043e\u0434 12 \u0447\u0430\u0441\u043e\u0432\u0430 \u0443 \u0430\u043c\u0444\u0438\u0442\u0435\u0430\u0442\u0440\u0443 1<br data-rich-text-line-break=\"true\" \/><strong>\u0434\u0440\u0443\u0433\u0438 \u043a\u043e\u043b\u043e\u043a\u0432\u0438\u0458\u0443\u043c<\/strong>:<span id=\"yui_3_18_1_1_1702642238439_63\"> \u043f\u043e\u043d\u0435\u0434\u0435\u0459\u0430\u043a, 23. \u0444\u0435\u0431\u0440\u0443\u0430\u0440 2026. \u0433\u043e\u0434\u0438\u043d\u0435 \u043e\u0434 13 \u0447\u0430\u0441\u043e\u0432\u0430 \u0443 \u0430\u043c\u0444\u0438\u0442\u0435\u0430\u0442\u0440\u0443 1<\/span><br data-rich-text-line-break=\"true\" \/>\u043f\u043e\u043f\u0440\u0430\u0432\u043d\u0438 \u043a\u043e\u043b\u043e\u043a\u0432\u0438\u0458\u0443\u043c\u0438 &#8211; <strong>\u0458\u0430\u043d\u0443\u0430\u0440\/\u0444\u0435\u0431\u0440\u0443\u0430\u0440<\/strong>: \u0447\u0435\u0442\u0432\u0440\u0442\u0430\u043a, 5. \u043c\u0430\u0440\u0442 2026. \u0433\u043e\u0434\u0438\u043d\u0435 \u043e\u0434 13 \u0447\u0430\u0441\u043e\u0432\u0430 \u0443 \u0430\u043c\u0444\u0438\u0442\u0435\u0430\u0442\u0440\u0443 1<br data-rich-text-line-break=\"true\" \/>\u043f\u043e\u043f\u0440\u0430\u0432\u043d\u0438 \u043a\u043e\u043b\u043e\u043a\u0432\u0438\u0458\u0443\u043c &#8211; <strong>\u0430\u043f\u0440\u0438\u043b<\/strong>:\u00a0<br \/>\u043f\u043e\u043f\u0440\u0430\u0432\u043d\u0438 \u043a\u043e\u043b\u043e\u043a\u0432\u0438\u0458\u0443\u043c &#8211; <strong>\u0441\u0435\u043f\u0442\u0435\u043c\u0431\u0430\u0440<\/strong>:\u00a0<\/p>\n\n\n<h2 class=\"wp-block-heading\">\u041a\u043e\u0440\u0438\u0441\u043d\u0438 \u043b\u0438\u043d\u043a\u043e\u0432\u0438<\/h2>\n\n\n<ul>\n<li><a id=\"yui_3_17_2_1_1606441555159_696\" href=\"https:\/\/matematika.pmf.uns.ac.rs\/uputstvo-za-studente\/\" target=\"_blank\" rel=\"noopener noreferrer\">\u041f\u0440\u0430\u0432\u0438\u043b\u0430 \u0438 \u043f\u0440\u043e\u0446\u0435\u0434\u0443\u0440\u0435 \u0441\u0442\u0443\u0434\u0438\u0440\u0430\u045a\u0430<\/a><\/li>\n<li>\u00a0<a id=\"yui_3_17_2_1_1606441555159_783\" href=\"https:\/\/matematika.pmf.uns.ac.rs\/studije\/modeli-polaganja-ispita\/\" target=\"_blank\" rel=\"noopener noreferrer\">\u041c\u043e\u0434\u0435\u043b\u0438 \u043f\u043e\u043b\u0430\u0433\u0430\u045a\u0430 \u0438\u0441\u043f\u0438\u0442\u0430<\/a><\/li>\n<li>\u00a0<a id=\"yui_3_17_2_1_1606441555159_865\" href=\"https:\/\/matematika.pmf.uns.ac.rs\/studije\/rasporedi\/\" target=\"_blank\" rel=\"noopener noreferrer\">\u0420\u0430\u0441\u043f\u043e\u0440\u0435\u0434\u0438<\/a><\/li>\n<li>\u00a0<a href=\"https:\/\/www.pmf.uns.ac.rs\/\" target=\"_blank\" rel=\"noopener\">\u041f\u0440\u0438\u0440\u043e\u0434\u043d\u043e-\u043c\u0430\u0442\u0435\u043c\u0430\u0442\u0438\u0447\u043a\u0438 \u0444\u0430\u043a\u0443\u043b\u0442\u0435\u0442, \u041d\u043e\u0432\u0438 \u0421\u0430\u0434<\/a><\/li>\n<li>\u00a0<a id=\"yui_3_17_2_1_1606441555159_1004\" href=\"https:\/\/www.dmi.uns.ac.rs\/\" target=\"_blank\" rel=\"noopener noreferrer\">\u0414\u0435\u043f\u0430\u0440\u0442\u043c\u0430\u043d \u0437\u0430 \u043c\u0430\u0442\u0435\u043c\u0430\u0442\u0438\u043a\u0443 \u0438 \u0438\u043d\u0444\u043e\u0440\u043c\u0430\u0442\u0438\u043a\u0443<\/a><\/li>\n<li>\u00a0<a id=\"yui_3_17_2_1_1606441555159_1201\" href=\"https:\/\/matematika.pmf.uns.ac.rs\/\" target=\"_blank\" rel=\"noopener noreferrer\">\u041e\u0434\u0441\u0435\u043a \u0437\u0430 \u043c\u0430\u0442\u0435\u043c\u0430\u0442\u0438\u043a\u0443<\/a><\/li>\n<\/ul>","protected":false},"excerpt":{"rendered":"<p>\u0417\u0438\u043c\u0441\u043a\u0438 \u0441\u0435\u043c\u0435\u0441\u0442\u0430\u0440 2025\/26. Moodle \u0441\u0442\u0440\u0430\u043d\u0438\u0446\u0430 \u041d\u0430 \u043f\u043b\u0430\u0442\u0444\u043e\u0440\u043c\u0438 Moodle \u043f\u0440\u0435\u0434\u043c\u0435\u0442 \u0410\u043d\u0430\u043b\u0438\u0442\u0438\u0447\u043a\u0430 \u0433\u0435\u043e\u043c\u0435\u0442\u0440\u0438\u0458\u0430 (\u041c) \u0441\u0435 \u043d\u0430\u043b\u0430\u0437\u0438 \u043d\u0430 \u0430\u0434\u0440\u0435\u0441\u0438 &#8212;&gt; \u043b\u0438\u043d\u043a \u0430 \u0448\u0438\u0444\u0440\u0430 \u0437\u0430 \u043f\u0440\u0438\u0441\u0442\u0443\u043f \u0458\u0435 &#8212;&gt; Dekart \u041d\u0430\u043f\u043e\u043c\u0435\u043d\u0435 \u041f\u0440\u0435\u0434\u0430\u0432\u0430\u0447\u0438 \u0438 \u0442\u0435\u0440\u043c\u0438\u043d\u0438 \u041f\u0440\u043e\u0444\u0435\u0441\u043e\u0440: \u041c\u0438\u043b\u0438\u0446\u0430 \u0416\u0438\u0433\u0438\u045b &#8212; email \u0430\u0434\u0440\u0435\u0441\u0430\u0410\u0441\u0438\u0441\u0442\u0435\u043d\u0442:&nbsp;\u0410\u043b\u0435\u043a\u0441\u0430 \u041c\u0438\u043b\u043e\u0432\u0430\u043d\u043e\u0432\u0438\u045b &#8212; email \u0430\u0434\u0440\u0435\u0441\u0430 \u0422\u0435\u0440\u043c\u0438\u043d \u043f\u0440\u0435\u0434\u0430\u0432\u0430\u045a\u0430 (\u0441\u0432\u0438 \u0441\u043c\u0435\u0440\u043e\u0432\u0438 M3, \u041c4 \u0438 \u041c\u0410\u041f): \u043f\u043e\u043d\u0435\u0434\u0435\u0459\u0430\u043a \u043e\u0434 13 \u0434\u043e 15 \u0447\u0430\u0441\u043e\u0432\u0430 \u0443 \u0443\u0447\u0438\u043e\u043d\u0438\u0446\u0438&hellip;<\/p>\n","protected":false},"author":12,"featured_media":0,"parent":21,"menu_order":2,"comment_status":"closed","ping_status":"closed","template":"","meta":{"_monsterinsights_skip_tracking":false,"_monsterinsights_sitenote_active":false,"_monsterinsights_sitenote_note":"","_monsterinsights_sitenote_category":0,"footnotes":""},"class_list":["post-1314","page","type-page","status-publish","hentry"],"_links":{"self":[{"href":"https:\/\/personal.pmf.uns.ac.rs\/milica.zigic\/wp-json\/wp\/v2\/pages\/1314","targetHints":{"allow":["GET"]}}],"collection":[{"href":"https:\/\/personal.pmf.uns.ac.rs\/milica.zigic\/wp-json\/wp\/v2\/pages"}],"about":[{"href":"https:\/\/personal.pmf.uns.ac.rs\/milica.zigic\/wp-json\/wp\/v2\/types\/page"}],"author":[{"embeddable":true,"href":"https:\/\/personal.pmf.uns.ac.rs\/milica.zigic\/wp-json\/wp\/v2\/users\/12"}],"replies":[{"embeddable":true,"href":"https:\/\/personal.pmf.uns.ac.rs\/milica.zigic\/wp-json\/wp\/v2\/comments?post=1314"}],"version-history":[{"count":522,"href":"https:\/\/personal.pmf.uns.ac.rs\/milica.zigic\/wp-json\/wp\/v2\/pages\/1314\/revisions"}],"predecessor-version":[{"id":3499,"href":"https:\/\/personal.pmf.uns.ac.rs\/milica.zigic\/wp-json\/wp\/v2\/pages\/1314\/revisions\/3499"}],"up":[{"embeddable":true,"href":"https:\/\/personal.pmf.uns.ac.rs\/milica.zigic\/wp-json\/wp\/v2\/pages\/21"}],"wp:attachment":[{"href":"https:\/\/personal.pmf.uns.ac.rs\/milica.zigic\/wp-json\/wp\/v2\/media?parent=1314"}],"curies":[{"name":"wp","href":"https:\/\/api.w.org\/{rel}","templated":true}]}}