{"id":1618,"date":"2019-10-03T11:43:01","date_gmt":"2019-10-03T09:43:01","guid":{"rendered":"http:\/\/personal.pmf.uns.ac.rs\/ivana.vojnovic\/?page_id=1618"},"modified":"2023-04-13T14:49:40","modified_gmt":"2023-04-13T12:49:40","slug":"napredna-poglavlja-funkcionalne-analize","status":"publish","type":"page","link":"https:\/\/personal.pmf.uns.ac.rs\/ivana.vojnovic\/sample-page\/napredna-poglavlja-funkcionalne-analize\/","title":{"rendered":"Napredna poglavlja funkcionalne analize"},"content":{"rendered":"<ul>\n<li><strong><span style=\"color: #993300\">Nastavnik: Ivana Vojnovi\u0107 (predavanja i ve\u017ebe)<\/span><\/strong><\/li>\n<li><strong><span style=\"color: #993300\">Semestar: zimski<\/span><\/strong><\/li>\n<li><strong><span style=\"color: #993300\">Fond \u010dasova: 3+1 <\/span><\/strong>Predmet je izborni za sve smerove master studija.<br \/>\nZa uspe\u0161no pra\u0107enje gradiva treba biti upoznat sa<br \/>\nosnovnim pojmovima u vezi sa metri\u010dkim i op\u0161tim<br \/>\ntopolo\u0161kim prostorima.<\/p>\n<p>Informacije o predmetu su dostupne preko <a href=\"https:\/\/moodle.pmf.uns.ac.rs\/course\/view.php?id=709\">Mudl<\/a>\u00a0stranice.<\/li>\n<\/ul>\n","protected":false},"excerpt":{"rendered":"<p>Nastavnik: Ivana Vojnovi\u0107 (predavanja i ve\u017ebe) Semestar: zimski Fond \u010dasova: 3+1 Predmet je izborni za sve smerove master studija. Za uspe\u0161no pra\u0107enje gradiva treba biti upoznat sa osnovnim pojmovima u&hellip; <\/p>\n","protected":false},"author":48,"featured_media":0,"parent":2,"menu_order":0,"comment_status":"closed","ping_status":"closed","template":"","meta":{"_monsterinsights_skip_tracking":false,"_monsterinsights_sitenote_active":false,"_monsterinsights_sitenote_note":"","_monsterinsights_sitenote_category":0,"footnotes":""},"class_list":["post-1618","page","type-page","status-publish","hentry"],"_links":{"self":[{"href":"https:\/\/personal.pmf.uns.ac.rs\/ivana.vojnovic\/wp-json\/wp\/v2\/pages\/1618","targetHints":{"allow":["GET"]}}],"collection":[{"href":"https:\/\/personal.pmf.uns.ac.rs\/ivana.vojnovic\/wp-json\/wp\/v2\/pages"}],"about":[{"href":"https:\/\/personal.pmf.uns.ac.rs\/ivana.vojnovic\/wp-json\/wp\/v2\/types\/page"}],"author":[{"embeddable":true,"href":"https:\/\/personal.pmf.uns.ac.rs\/ivana.vojnovic\/wp-json\/wp\/v2\/users\/48"}],"replies":[{"embeddable":true,"href":"https:\/\/personal.pmf.uns.ac.rs\/ivana.vojnovic\/wp-json\/wp\/v2\/comments?post=1618"}],"version-history":[{"count":9,"href":"https:\/\/personal.pmf.uns.ac.rs\/ivana.vojnovic\/wp-json\/wp\/v2\/pages\/1618\/revisions"}],"predecessor-version":[{"id":1862,"href":"https:\/\/personal.pmf.uns.ac.rs\/ivana.vojnovic\/wp-json\/wp\/v2\/pages\/1618\/revisions\/1862"}],"up":[{"embeddable":true,"href":"https:\/\/personal.pmf.uns.ac.rs\/ivana.vojnovic\/wp-json\/wp\/v2\/pages\/2"}],"wp:attachment":[{"href":"https:\/\/personal.pmf.uns.ac.rs\/ivana.vojnovic\/wp-json\/wp\/v2\/media?parent=1618"}],"curies":[{"name":"wp","href":"https:\/\/api.w.org\/{rel}","templated":true}]}}