{"id":33,"date":"2024-07-08T10:07:47","date_gmt":"2024-07-08T10:07:47","guid":{"rendered":"https:\/\/personal.pmf.uns.ac.rs\/anna.slivkova\/?page_id=33"},"modified":"2026-01-02T11:35:18","modified_gmt":"2026-01-02T11:35:18","slug":"algebra-1","status":"publish","type":"page","link":"https:\/\/personal.pmf.uns.ac.rs\/anna.slivkova\/algebra-1\/","title":{"rendered":"Algebra 1"},"content":{"rendered":"\n<p>Smer M3\/M4, obavezni predmet, fond\u00a0 \u010dasova: 3+3,<br>\u0161ifra predmeta: 22.M109, ESPB: 7;<br>profesor: Igor Dolinka<\/p>\n\n\n\n<p>Vi\u0161e podataka na <a href=\"https:\/\/moodle.pmf.uns.ac.rs\/course\/view.php?id=718\" data-type=\"link\" data-id=\"https:\/\/moodle.pmf.uns.ac.rs\/course\/view.php?id=718\">Moodle stranici kursa<\/a> i na <a href=\"https:\/\/people.dmi.uns.ac.rs\/~dockie\/a1\/\">sajtu<\/a> profesora.<\/p>\n","protected":false},"excerpt":{"rendered":"<p>Smer M3\/M4, obavezni predmet, fond\u00a0 \u010dasova: 3+3,\u0161ifra predmeta: 22.M109, ESPB: 7;profesor: Igor Dolinka Vi\u0161e podataka na Moodle stranici kursa i na sajtu profesora.<\/p>\n","protected":false},"author":106,"featured_media":0,"parent":0,"menu_order":0,"comment_status":"closed","ping_status":"closed","template":"","meta":{"_monsterinsights_skip_tracking":false,"_monsterinsights_sitenote_active":false,"_monsterinsights_sitenote_note":"","_monsterinsights_sitenote_category":0,"footnotes":""},"class_list":["post-33","page","type-page","status-publish","hentry"],"_links":{"self":[{"href":"https:\/\/personal.pmf.uns.ac.rs\/anna.slivkova\/wp-json\/wp\/v2\/pages\/33","targetHints":{"allow":["GET"]}}],"collection":[{"href":"https:\/\/personal.pmf.uns.ac.rs\/anna.slivkova\/wp-json\/wp\/v2\/pages"}],"about":[{"href":"https:\/\/personal.pmf.uns.ac.rs\/anna.slivkova\/wp-json\/wp\/v2\/types\/page"}],"author":[{"embeddable":true,"href":"https:\/\/personal.pmf.uns.ac.rs\/anna.slivkova\/wp-json\/wp\/v2\/users\/106"}],"replies":[{"embeddable":true,"href":"https:\/\/personal.pmf.uns.ac.rs\/anna.slivkova\/wp-json\/wp\/v2\/comments?post=33"}],"version-history":[{"count":8,"href":"https:\/\/personal.pmf.uns.ac.rs\/anna.slivkova\/wp-json\/wp\/v2\/pages\/33\/revisions"}],"predecessor-version":[{"id":168,"href":"https:\/\/personal.pmf.uns.ac.rs\/anna.slivkova\/wp-json\/wp\/v2\/pages\/33\/revisions\/168"}],"wp:attachment":[{"href":"https:\/\/personal.pmf.uns.ac.rs\/anna.slivkova\/wp-json\/wp\/v2\/media?parent=33"}],"curies":[{"name":"wp","href":"https:\/\/api.w.org\/{rel}","templated":true}]}}